000
CDUS43 KARX 210640
CLILSE


CLIMATE REPORT
NATIONAL WEATHER SERVICE LA CROSSE WI
140 AM CDT MON MAY 21 2018


...................................

...THE LA CROSSE WI CLIMATE SUMMARY FOR MAY 20 2018...

CLIMATE NORMAL PERIOD 1981 TO 2010
CLIMATE RECORD PERIOD 1873 TO 2018


WEATHER ITEM   OBSERVED TIME   RECORD YEAR NORMAL DEPARTURE LAST
                VALUE   (LST)  VALUE       VALUE  FROM      YEAR
                                                  NORMAL
..................................................................
TEMPERATURE (F)
 YESTERDAY
  MAXIMUM         64    553 PM  94    1934  72     -8       53
  MINIMUM         49    627 AM  32    1892  50     -1       47
  AVERAGE         57                        61     -4       50

PRECIPITATION (IN)
  YESTERDAY        0.79          1.46 1913   0.12   0.67     0.89
  MONTH TO DATE    5.42                      2.23   3.19     6.56
  SINCE MAR 1      9.54                      7.61   1.93    13.19
  SINCE JAN 1     12.14                      9.78   2.36    17.05

SNOWFALL (IN)
  YESTERDAY        0.0           0.0  2002   0.0    0.0      0.0
                                      2001
  MONTH TO DATE    0.0                       0.1   -0.1       T
  SINCE JUL 1     49.8                      43.4    6.4     42.2
  SNOW DEPTH       0

DEGREE DAYS
 HEATING
  YESTERDAY        8                         6      2       15
  MONTH TO DATE   58                       157    -99      164
  SINCE JUL 1   6975                      7109   -134     5718

 COOLING
  YESTERDAY        0                         1     -1        0
  MONTH TO DATE   40                        18     22       27
  SINCE JAN 1     43                        25     18       33
..................................................................


WIND (MPH)
  HIGHEST WIND SPEED    12   HIGHEST WIND DIRECTION     N (20)
  HIGHEST GUST SPEED    17   HIGHEST GUST DIRECTION    NE (30)
  AVERAGE WIND SPEED     5.7


SKY COVER
  POSSIBLE SUNSHINE  MM
  AVERAGE SKY COVER 0.8


WEATHER CONDITIONS
 THE FOLLOWING WEATHER WAS RECORDED YESTERDAY.
  THUNDERSTORM
  HEAVY RAIN
  RAIN
  LIGHT RAIN
  FOG


RELATIVE HUMIDITY (PERCENT)
 HIGHEST   100           300 AM
 LOWEST     56           600 PM
 AVERAGE    78

..........................................................


THE LA CROSSE WI CLIMATE NORMALS FOR TODAY
                         NORMAL    RECORD    YEAR
 MAXIMUM TEMPERATURE (F)   72        92      1970
 MINIMUM TEMPERATURE (F)   50        31      1883


SUNRISE AND SUNSET
MAY 21 2018...........SUNRISE   533 AM CDT   SUNSET   830 PM CDT
MAY 22 2018...........SUNRISE   532 AM CDT   SUNSET   831 PM CDT


-  INDICATES NEGATIVE NUMBERS.
R  INDICATES RECORD WAS SET OR TIED.
MM INDICATES DATA IS MISSING.
T  INDICATES TRACE AMOUNT.




$$
