000
CDUS43 KTOP 240632
CLILWC


CLIMATE REPORT
NATIONAL WEATHER SERVICE TOPEKA KS
132 AM CDT TUE APR 24 2018


...................................

...THE LAWRENCE KS CLIMATE SUMMARY FOR APRIL 23 2018...

CLIMATE NORMAL PERIOD 1981 TO 2010
CLIMATE RECORD PERIOD 9999 TO 9999


WEATHER ITEM   OBSERVED NORMAL DEPARTURE LAST
                VALUE   VALUE  FROM      YEAR
                               NORMAL
...............................................
TEMPERATURE (F)
 YESTERDAY
  MAXIMUM         78     69      9       72
  MINIMUM         44     45     -1       34
  AVERAGE         61     57      4       53

PRECIPITATION (IN)
  YESTERDAY        0.00   0.14  -0.14     0.00
  MONTH TO DATE    0.51   2.68  -2.17     4.29
  SINCE MAR 1      2.05   5.30  -3.25     6.65
  SINCE JAN 1      3.91   7.61  -3.70     7.66

DEGREE DAYS
 HEATING
  YESTERDAY        4      9     -5       12
  MONTH TO DATE  464    272    192      173
  SINCE MAR 1   1088    913    175      692
  SINCE JUL 1   5029   4928    101     3973

 COOLING
  YESTERDAY        0      1     -1        0
  MONTH TO DATE    2     16    -14       25
  SINCE MAR 1      2     19    -17       32
  SINCE JAN 1      2     19    -17       32
...............................................


WIND (MPH)
  HIGHEST WIND SPEED    16   HIGHEST WIND DIRECTION    NE (50)
  HIGHEST GUST SPEED    24   HIGHEST GUST DIRECTION     N (10)
  AVERAGE WIND SPEED     7.2


SKY COVER
  AVERAGE SKY COVER 0.4


WEATHER CONDITIONS
 THE FOLLOWING WEATHER WAS RECORDED YESTERDAY.
  NO SIGNIFICANT WEATHER WAS OBSERVED.


RELATIVE HUMIDITY (PERCENT)
 HIGHEST    61
 LOWEST     18
 AVERAGE    40

..........................................................


THE LAWRENCE KS CLIMATE NORMALS FOR TODAY
                         NORMAL
 MAXIMUM TEMPERATURE (F)   70
 MINIMUM TEMPERATURE (F)   46


SUNRISE AND SUNSET
APRIL 24 2018.........SUNRISE   632 AM CDT   SUNSET   807 PM CDT
APRIL 25 2018.........SUNRISE   630 AM CDT   SUNSET   808 PM CDT


-  INDICATES NEGATIVE NUMBERS.
R  INDICATES RECORD WAS SET OR TIED.
MM INDICATES DATA IS MISSING.
T  INDICATES TRACE AMOUNT.




$$
