000
CDUS46 KOTX 250824
CLILWS


CLIMATE REPORT
NATIONAL WEATHER SERVICE SPOKANE, WA
124 AM PDT WED APR 25 2018


...................................

...THE LEWISTON ID AIRPORT CLIMATE SUMMARY FOR APRIL 24 2018...

CLIMATE NORMAL PERIOD 1981 TO 2010
CLIMATE RECORD PERIOD 1881 TO 2018


WEATHER ITEM   OBSERVED TIME   RECORD YEAR NORMAL DEPARTURE LAST
                VALUE   (LST)  VALUE       VALUE  FROM      YEAR
                                                  NORMAL
..................................................................
TEMPERATURE (F)
 YESTERDAY
  MAXIMUM         76    505 PM  97    1977  64     12       57
  MINIMUM         40    516 AM  30    2009  42     -2       46
                                      2002
                                      1986
  AVERAGE         58                        53      5       52

PRECIPITATION (IN)
  YESTERDAY        0.00          0.75 1994   0.05  -0.05     0.19
  MONTH TO DATE    1.46                      1.04   0.42     1.38
  SINCE OCT 1     10.46                      7.16   3.30    12.54
  SINCE JAN 1      4.90                      4.05   0.85     7.66

SNOWFALL (IN)
  YESTERDAY        0.0           0.0  1995   0.0    0.0      0.0
  MONTH TO DATE    T                         0.0    0.0      0.0
  SINCE MAR 1      T                         0.7   -0.7      4.8
  SINCE JUL 1     14.1                      10.5    3.6     39.2
  SNOW DEPTH       0

DEGREE DAYS
 HEATING
  YESTERDAY        7                        12     -5       13
  MONTH TO DATE  338                       345     -7      323
  SINCE MAR 1    934                       957    -23      918
  SINCE JUL 1   4645                      4812   -167     4954

 COOLING
  YESTERDAY        0                         0      0        0
  MONTH TO DATE    0                         0      0        0
  SINCE MAR 1      0                         0      0        0
  SINCE JAN 1      0                         0      0        0
..................................................................


WIND (MPH)
  HIGHEST WIND SPEED    13   HIGHEST WIND DIRECTION    NE (40)
  HIGHEST GUST SPEED    17   HIGHEST GUST DIRECTION    NE (30)
  AVERAGE WIND SPEED     5.4


SKY COVER
  POSSIBLE SUNSHINE  MM
  AVERAGE SKY COVER 0.0


WEATHER CONDITIONS
 THE FOLLOWING WEATHER WAS RECORDED YESTERDAY.
  NO SIGNIFICANT WEATHER WAS OBSERVED.


RELATIVE HUMIDITY (PERCENT)
 HIGHEST    70           500 AM
 LOWEST     21           500 PM
 AVERAGE    46

..........................................................


THE LEWISTON ID AIRPORT CLIMATE NORMALS FOR TODAY
                         NORMAL    RECORD    YEAR
 MAXIMUM TEMPERATURE (F)   65        92      1910
 MINIMUM TEMPERATURE (F)   42        30      1924


SUNRISE AND SUNSET
APRIL 25 2018.........SUNRISE   544 AM PDT   SUNSET   749 PM PDT
APRIL 26 2018.........SUNRISE   542 AM PDT   SUNSET   751 PM PDT


-  INDICATES NEGATIVE NUMBERS.
R  INDICATES RECORD WAS SET OR TIED.
MM INDICATES DATA IS MISSING.
T  INDICATES TRACE AMOUNT.




$$
