168
CDUS45 KTFX 202240
CLILWT


CLIMATE REPORT
NATIONAL WEATHER SERVICE GREAT FALLS MT
440 PM MDT FRI APR 20 2018


...................................

...THE LEWISTOWN MT CLIMATE SUMMARY FOR APRIL 20 2018...
VALID TODAY AS OF 0400 PM LOCAL TIME.

CLIMATE NORMAL PERIOD 1981 TO 2010
CLIMATE RECORD PERIOD 1896 TO 2018


WEATHER ITEM   OBSERVED TIME   RECORD YEAR NORMAL DEPARTURE LAST
                VALUE   (LST)  VALUE       VALUE  FROM      YEAR
                                                  NORMAL
..................................................................
TEMPERATURE (F)
 TODAY
  MAXIMUM         63    259 PM  84    1908  55      8       64
  MINIMUM         30    542 AM   0    1927  30      0       31
  AVERAGE         47                        42      5       48

PRECIPITATION (IN)
  TODAY            0.00          1.08 1973   0.05  -0.05     0.00
  MONTH TO DATE    1.31                      0.86   0.45     1.59
  SINCE OCT 1      6.03                      5.36   0.67     7.45
  SINCE JAN 1      4.03                      2.86   1.17     3.05

DEGREE DAYS
 HEATING
  TODAY           18                        22     -4       17
  MONTH TO DATE  639                       499    140      456
  SINCE MAR 1   1737                      1494    243     1338
  SINCE JUL 1   7863                      7298    565     7149

 COOLING
  TODAY            0                         0      0        0
  MONTH TO DATE    0                         0      0        0
  SINCE MAR 1      0                         0      0        0
  SINCE JAN 1      0                         0      0        0
..................................................................


WIND (MPH)
  HIGHEST WIND SPEED    12   HIGHEST WIND DIRECTION     E (110)
  HIGHEST GUST SPEED    14   HIGHEST GUST DIRECTION    NW (320)
  AVERAGE WIND SPEED     4.5


SKY COVER
  AVERAGE SKY COVER 0.0


WEATHER CONDITIONS
 THE FOLLOWING WEATHER WAS RECORDED TODAY.
  NO SIGNIFICANT WEATHER WAS OBSERVED.


RELATIVE HUMIDITY (PERCENT)
 HIGHEST    85
 LOWEST     25
 AVERAGE    55

..........................................................


THE LEWISTOWN MT CLIMATE NORMALS FOR TOMORROW
                         NORMAL    RECORD    YEAR
 MAXIMUM TEMPERATURE (F)   55        82      1906
 MINIMUM TEMPERATURE (F)   30         0      2008


SUNRISE AND SUNSET
APRIL 20 2018.........SUNRISE   621 AM MDT   SUNSET   814 PM MDT
APRIL 21 2018.........SUNRISE   619 AM MDT   SUNSET   815 PM MDT


-  INDICATES NEGATIVE NUMBERS.
R  INDICATES RECORD WAS SET OR TIED.
MM INDICATES DATA IS MISSING.
T  INDICATES TRACE AMOUNT.




$$
