000
CDUS43 KDMX 270642
CLIMCW

CLIMATE REPORT
NATIONAL WEATHER SERVICE DES MOINES IA
127 AM CDT SUN MAY 27 2018

...................................

...THE MASON CITY IA CLIMATE SUMMARY FOR MAY 26 2018...

CLIMATE NORMAL PERIOD 1981 TO 2010
CLIMATE RECORD PERIOD 1893 TO 2018


WEATHER ITEM   OBSERVED TIME   RECORD YEAR NORMAL DEPARTURE LAST
                VALUE   (LST)  VALUE       VALUE  FROM      YEAR
                                                  NORMAL
..................................................................
TEMPERATURE (F)
 YESTERDAY
  MAXIMUM         93R   227 PM  93    1967  73     20       77
  MINIMUM         62    432 AM  31    1961  50     12       52
  AVERAGE         78                        62     16       65

PRECIPITATION (IN)
  YESTERDAY        0.00          1.45 2013   0.16  -0.16     0.00
  MONTH TO DATE    6.03                      3.89   2.14     3.87
  SINCE MAR 1     12.17                      9.87   2.30    10.15
  SINCE JAN 1     14.72                     11.69   3.03    14.14

SNOWFALL (IN)
  YESTERDAY        0.0          MM      MM   0.0    0.0      0.0
  MONTH TO DATE    0.0                       0.1   -0.1      0.0
  SINCE MAR 1     45.4                       8.8   36.6      8.5
  SINCE JUL 1     65.8                      41.3   24.5     47.9
  SNOW DEPTH       0

DEGREE DAYS
 HEATING
  YESTERDAY        0                         5     -5        0
  MONTH TO DATE  107                       214   -107      241
  SINCE MAR 1   2056                      1763    293     1734
  SINCE JUL 1   7814                      7614    200     6646

 COOLING
  YESTERDAY       13                         2     11        0
  MONTH TO DATE   60                        19     41       25
  SINCE MAR 1     61                        24     37       25
  SINCE JAN 1     61                        24     37       25
..................................................................

WIND (MPH)
  HIGHEST WIND SPEED    15   HIGHEST WIND DIRECTION     W (280)
  HIGHEST GUST SPEED    19   HIGHEST GUST DIRECTION     W (270)
  AVERAGE WIND SPEED     6.9

SKY COVER
  POSSIBLE SUNSHINE  MM
  AVERAGE SKY COVER 0.0

WEATHER CONDITIONS
 THE FOLLOWING WEATHER WAS RECORDED YESTERDAY.
  FOG

RELATIVE HUMIDITY (PERCENT)
 HIGHEST   100           300 AM
 LOWEST     32           400 PM
 AVERAGE    66

..........................................................

THE MASON CITY IA CLIMATE NORMALS FOR TODAY
                         NORMAL    RECORD    YEAR
 MAXIMUM TEMPERATURE (F)   74        93      2012
 MINIMUM TEMPERATURE (F)   51        32      1907

SUNRISE AND SUNSET
MAY 27 2018...........SUNRISE   539 AM CDT   SUNSET   842 PM CDT
MAY 28 2018...........SUNRISE   539 AM CDT   SUNSET   843 PM CDT

-  INDICATES NEGATIVE NUMBERS.
R  INDICATES RECORD WAS SET OR TIED.
MM INDICATES DATA IS MISSING.
T  INDICATES TRACE AMOUNT.

$$

ANSORGE
