000
CDUS41 KCTP 212130
CLIMDT


CLIMATE REPORT
NATIONAL WEATHER SERVICE STATE COLLEGE PA
530 PM EDT SAT APR 21 2018


...................................

...THE HARRISBURG PA CLIMATE SUMMARY FOR APRIL 21 2018...
VALID TODAY AS OF 0500 PM LOCAL TIME.

CLIMATE NORMAL PERIOD 1981 TO 2010
CLIMATE RECORD PERIOD 1888 TO 2018


WEATHER ITEM   OBSERVED TIME   RECORD YEAR NORMAL DEPARTURE LAST
                VALUE   (LST)  VALUE       VALUE  FROM      YEAR
                                                  NORMAL
..................................................................
TEMPERATURE (F)
 TODAY
  MAXIMUM         60    406 PM  89    1985  65     -5       70
  MINIMUM         32    507 AM  30    1956  44    -12       57
  AVERAGE         46                        54     -8       64

PRECIPITATION (IN)
  TODAY            0.00          1.64 1992   0.10  -0.10     0.65
  MONTH TO DATE    2.76                      2.16   0.60     2.61
  SINCE MAR 1      5.73                      5.53   0.20     7.33
  SINCE JAN 1     15.17                     10.80   4.37    11.71

SNOWFALL (IN)
  TODAY            0.0           T    1953   0.0    0.0      0.0
  MONTH TO DATE    3.9                       0.4    3.5      0.0
  SINCE MAR 1     19.9                       5.6   14.3     18.4
  SINCE JUL 1     38.0                      30.6    7.4     23.9
  SNOW DEPTH       0

DEGREE DAYS
 HEATING
  TODAY           19                        11      8        1
  MONTH TO DATE  395                       306     89      168
  SINCE MAR 1   1208                      1029    179      930
  SINCE JUL 1   4913                      5017   -104     4168

 COOLING
  TODAY            0                         0      0        0
  MONTH TO DATE   12                         0     12        7
  SINCE MAR 1     12                         1     11        7
  SINCE JAN 1     12                         1     11        7
..................................................................


WIND (MPH)
  HIGHEST WIND SPEED    10   HIGHEST WIND DIRECTION    NW (300)
  HIGHEST GUST SPEED    15   HIGHEST GUST DIRECTION     W (290)
  AVERAGE WIND SPEED     4.7


SKY COVER
  POSSIBLE SUNSHINE  MM
  AVERAGE SKY COVER 0.5


WEATHER CONDITIONS
 THE FOLLOWING WEATHER WAS RECORDED TODAY.
  NO SIGNIFICANT WEATHER WAS OBSERVED.


RELATIVE HUMIDITY (PERCENT)
 HIGHEST    75           200 AM
 LOWEST     28           400 PM
 AVERAGE    52

..........................................................


THE HARRISBURG PA CLIMATE NORMALS FOR TOMORROW
                         NORMAL    RECORD    YEAR
 MAXIMUM TEMPERATURE (F)   65        93      1985
 MINIMUM TEMPERATURE (F)   44        31      1981
                                             1975
                                             1922


SUNRISE AND SUNSET
APRIL 21 2018.........SUNRISE   620 AM EDT   SUNSET   752 PM EDT
APRIL 22 2018.........SUNRISE   619 AM EDT   SUNSET   753 PM EDT


-  INDICATES NEGATIVE NUMBERS.
R  INDICATES RECORD WAS SET OR TIED.
MM INDICATES DATA IS MISSING.
T  INDICATES TRACE AMOUNT.




$$
