000
CDUS44 KMEG 260633
CLIMEG


CLIMATE REPORT
NATIONAL WEATHER SERVICE MEMPHIS TN
133 AM CDT SAT MAY 26 2018


...................................

...THE MEMPHIS/GERMANTOWN WFO CLIMATE SUMMARY FOR MAY 25 2018...

CLIMATE NORMAL PERIOD 1981 TO 2010
CLIMATE RECORD PERIOD 1988 TO 2018


WEATHER ITEM   OBSERVED TIME   RECORD YEAR NORMAL DEPARTURE LAST
                VALUE   (LST)  VALUE       VALUE  FROM      YEAR
                                                  NORMAL
..................................................................
TEMPERATURE (F)
 YESTERDAY
  MAXIMUM         89    120 PM  93    2012  83      6       77
                                      2006
  MINIMUM         69    505 AM  48    2001  62      7       50
  AVERAGE         79                        72      7       64

PRECIPITATION (IN)
  YESTERDAY        0.04          1.21 2016   0.15  -0.11     0.00
  MONTH TO DATE    3.25                      4.69  -1.44     2.70
  SINCE MAR 1     17.48                     14.96   2.52    12.99
  SINCE JAN 1     36.30                     23.59  12.71    18.20

SNOWFALL (IN)
  YESTERDAY        0.0          MM      MM                   0.0
  MONTH TO DATE    0.0                                       0.0
  SINCE MAR 1      0.0                                       0.4
  SINCE JUL 1      3.8                                       1.4
  SNOW DEPTH       0

DEGREE DAYS
 HEATING
  YESTERDAY        0                         1     -1        1
  MONTH TO DATE    0                        39    -39       30
  SINCE MAR 1    659                       666     -7      399
  SINCE JUL 1   3213                      3412   -199     2240

 COOLING
  YESTERDAY       14                         8      6        0
  MONTH TO DATE  277                       133    144      122
  SINCE MAR 1    293                       198     95      268
  SINCE JAN 1    306                       199    107      282
..................................................................







THE MEMPHIS/GERMANTOWN WFO CLIMATE NORMALS FOR TODAY
                         NORMAL    RECORD    YEAR
 MAXIMUM TEMPERATURE (F)   83        96      1989
 MINIMUM TEMPERATURE (F)   62        52      2001


SUNRISE AND SUNSET
MAY 26 2018...........SUNRISE   549 AM CDT   SUNSET   804 PM CDT
MAY 27 2018...........SUNRISE   548 AM CDT   SUNSET   805 PM CDT


-  INDICATES NEGATIVE NUMBERS.
R  INDICATES RECORD WAS SET OR TIED.
MM INDICATES DATA IS MISSING.
T  INDICATES TRACE AMOUNT.




$$
