000
CDUS43 KFSD 270631
CLIMHE


CLIMATE REPORT
NATIONAL WEATHER SERVICE SIOUX FALLS SD
129 AM CDT SUN MAY 27 2018


...................................

...THE MITCHELL SD CLIMATE SUMMARY FOR MAY 26 2018...

CLIMATE NORMAL PERIOD 1981 TO 2010
CLIMATE RECORD PERIOD 1893 TO 2018


WEATHER ITEM   OBSERVED TIME   RECORD YEAR NORMAL DEPARTURE LAST
                VALUE   (LST)  VALUE       VALUE  FROM      YEAR
                                                  NORMAL
..................................................................
TEMPERATURE (F)
 YESTERDAY
  MAXIMUM         96    441 PM 102    1967  74     22       76
  MINIMUM         63    131 AM  32    1971  51     12       52
  AVERAGE         80                        62     18       64

PRECIPITATION (IN)
  YESTERDAY        0.00          2.28 1908   0.14  -0.14     0.00
  MONTH TO DATE    0.64                      2.18  -1.54     2.34
  SINCE MAR 1      3.79                      5.42  -1.63     5.85
  SINCE JAN 1      4.83                      5.98  -1.15     7.01

SNOWFALL (IN)
  YESTERDAY        0.0           0.0    MM  MM     MM        0.0
  MONTH TO DATE    0.0                      MM     MM        0.0
  SINCE MAR 1     33.7                      MM     MM        5.2
  SINCE JUL 1     60.7                      MM     MM       30.6
  SNOW DEPTH       0

DEGREE DAYS
 HEATING
  YESTERDAY        0                         4     -4        1
  MONTH TO DATE   97                       191    -94      185
  SINCE MAR 1   1865                      1669    196     1530
  SINCE JUL 1   7420                      7191    229     6264

 COOLING
  YESTERDAY       15                         2     13        0
  MONTH TO DATE   85                        26     59       32
  SINCE MAR 1     91                        28     63       32
  SINCE JAN 1     91                        28     63       32
..................................................................


WIND (MPH)
  HIGHEST WIND SPEED    10   HIGHEST WIND DIRECTION    SE (150)
  HIGHEST GUST SPEED    14   HIGHEST GUST DIRECTION    SE (150)
  AVERAGE WIND SPEED     4.3


SKY COVER
  POSSIBLE SUNSHINE  MM
  AVERAGE SKY COVER 0.0


WEATHER CONDITIONS
 THE FOLLOWING WEATHER WAS RECORDED YESTERDAY.
  NO SIGNIFICANT WEATHER WAS OBSERVED.


RELATIVE HUMIDITY (PERCENT)
 HIGHEST    78           500 AM
 LOWEST     32           300 PM
 AVERAGE    55

..........................................................


THE MITCHELL SD CLIMATE NORMALS FOR TODAY
                         NORMAL    RECORD    YEAR
 MAXIMUM TEMPERATURE (F)   74        95      1969
 MINIMUM TEMPERATURE (F)   52        29      1907


SUNRISE AND SUNSET
MAY 27 2018...........SUNRISE   556 AM CDT   SUNSET   903 PM CDT
MAY 28 2018...........SUNRISE   555 AM CDT   SUNSET   904 PM CDT


-  INDICATES NEGATIVE NUMBERS.
R  INDICATES RECORD WAS SET OR TIED.
MM INDICATES DATA IS MISSING.
T  INDICATES TRACE AMOUNT.




$$
