000
CDUS44 KSHV 230742
CLIMLU


CLIMATE REPORT
NATIONAL WEATHER SERVICE SHREVEPORT, LA
241 AM CDT WED MAY 23 2018


...................................

...THE MONROE CLIMATE SUMMARY FOR MAY 22 2018...

CLIMATE NORMAL PERIOD 1981 TO 2010
CLIMATE RECORD PERIOD 1893 TO 2018


WEATHER ITEM   OBSERVED TIME   RECORD YEAR NORMAL DEPARTURE LAST
                VALUE   (LST)  VALUE       VALUE  FROM      YEAR
                                                  NORMAL
..................................................................
TEMPERATURE (F)
 YESTERDAY
  MAXIMUM         92    255 PM  96    1904  87      5       66
  MINIMUM         69    506 AM  50    1919  65      4       63
  AVERAGE         81                        76      5       65

PRECIPITATION (IN)
  YESTERDAY        0.09          1.75 1916   0.16  -0.07     1.05
  MONTH TO DATE    1.95                      3.72  -1.77     3.01
  SINCE DEC 1     28.41                     27.87   0.54    28.31
  SINCE JAN 1     24.89                     22.58   2.31    23.48

SNOWFALL (IN)
  YESTERDAY        0.0
  MONTH TO DATE    0.0
  SINCE MAR 1      0.0
  SINCE JUL 1      1.5
  SNOW DEPTH       0

DEGREE DAYS
 HEATING
  YESTERDAY        0                         0      0        0
  MONTH TO DATE    0                         3     -3       11
  SINCE MAR 1    306                       333    -27      203
  SINCE JUL 1   2087                      2227   -140     1399

 COOLING
  YESTERDAY       16                        11      5        0
  MONTH TO DATE  277                       182     95      137
  SINCE MAR 1    377                       318     59      375
  SINCE JAN 1    414                       329     85      434
..................................................................


WIND (MPH)
  HIGHEST WIND SPEED    17   HIGHEST WIND DIRECTION    SW (220)
  HIGHEST GUST SPEED    25   HIGHEST GUST DIRECTION    SW (220)
  AVERAGE WIND SPEED     2.6


SKY COVER
  POSSIBLE SUNSHINE  MM
  AVERAGE SKY COVER 0.4


WEATHER CONDITIONS
 THE FOLLOWING WEATHER WAS RECORDED YESTERDAY.
  THUNDERSTORM
  LIGHT RAIN
  FOG
  HAZE


RELATIVE HUMIDITY (PERCENT)
 HIGHEST   100           500 AM
 LOWEST     49           300 PM
 AVERAGE    75

..........................................................


THE MONROE CLIMATE NORMALS FOR TODAY
                         NORMAL    RECORD    YEAR
 MAXIMUM TEMPERATURE (F)   87        96      1996
                                             1918
 MINIMUM TEMPERATURE (F)   65        50      1963


SUNRISE AND SUNSET
MAY 23 2018...........SUNRISE   605 AM CDT   SUNSET   805 PM CDT
MAY 24 2018...........SUNRISE   605 AM CDT   SUNSET   806 PM CDT


-  INDICATES NEGATIVE NUMBERS.
R  INDICATES RECORD WAS SET OR TIED.
MM INDICATES DATA IS MISSING.
T  INDICATES TRACE AMOUNT.




$$
