365
CDUS46 KPQR 261142
CLIMMV


CLIMATE REPORT
NATIONAL WEATHER SERVICE PORTLAND OREGON
441 AM PDT THU APR 26 2018


...................................

...THE MCMINNVILLE OR CLIMATE SUMMARY FOR APRIL 25 2018...

CLIMATE NORMAL PERIOD 1981 TO 2010
CLIMATE RECORD PERIOD 1894 TO 2018


WEATHER ITEM   OBSERVED TIME   RECORD YEAR NORMAL DEPARTURE LAST
                VALUE   (LST)  VALUE       VALUE  FROM      YEAR
                                                  NORMAL
..................................................................
TEMPERATURE (F)
 YESTERDAY
  MAXIMUM         84R   423 PM  83    1923  63     21       54
  MINIMUM         45    613 AM  29    1955  40      5       44
  AVERAGE         65                        52     13       49

PRECIPITATION (IN)
  YESTERDAY        0.00          0.64 1906   0.09  -0.09     0.24
  MONTH TO DATE    4.63                      2.55   2.08     3.66
  SINCE OCT 1     31.22                     33.15  -1.93    49.77
  SINCE JAN 1     15.68                     17.12  -1.44    25.96

DEGREE DAYS
 HEATING
  YESTERDAY        0                        14    -14       16
  MONTH TO DATE  366                       383    -17      373
  SINCE JUL 1   3943                      4334   -391     4206

 COOLING
  YESTERDAY        0                         0      0        0
  MONTH TO DATE    0                         0      0        0
  SINCE JAN 1      0                         0      0        0
..................................................................


WIND (MPH)
  HIGHEST WIND SPEED     9   HIGHEST WIND DIRECTION    NW (330)
  HIGHEST GUST SPEED    10   HIGHEST GUST DIRECTION    NW (320)
  AVERAGE WIND SPEED     2.4


SKY COVER
  POSSIBLE SUNSHINE  MM
  AVERAGE SKY COVER 0.0


WEATHER CONDITIONS
 THE FOLLOWING WEATHER WAS RECORDED YESTERDAY.
  NO SIGNIFICANT WEATHER WAS OBSERVED.


RELATIVE HUMIDITY (PERCENT)
 HIGHEST    93           400 AM
 LOWEST     21           600 PM
 AVERAGE    57

..........................................................


THE MCMINNVILLE OR CLIMATE NORMALS FOR TODAY
                         NORMAL    RECORD    YEAR
 MAXIMUM TEMPERATURE (F)   63        95      1926
 MINIMUM TEMPERATURE (F)   40        28      1984


SUNRISE AND SUNSET
APRIL 26 2018.........SUNRISE   509 AM PST   SUNSET   712 PM PST
APRIL 27 2018.........SUNRISE   507 AM PST   SUNSET   714 PM PST


-  INDICATES NEGATIVE NUMBERS.
R  INDICATES RECORD WAS SET OR TIED.
MM INDICATES DATA IS MISSING.
T  INDICATES TRACE AMOUNT.




$$
