000
CDUS43 KBIS 260733
CLIMOT


CLIMATE REPORT
NATIONAL WEATHER SERVICE BISMARCK ND
233 AM CDT THU APR 26 2018


...................................

...THE MINOT ND CLIMATE SUMMARY FOR APRIL 25 2018...

CLIMATE NORMAL PERIOD 1981 TO 2010
CLIMATE RECORD PERIOD 1897 TO 2018


WEATHER ITEM   OBSERVED TIME   RECORD YEAR NORMAL DEPARTURE LAST
                VALUE   (LST)  VALUE       VALUE  FROM      YEAR
                                                  NORMAL
..................................................................
TEMPERATURE (F)
 YESTERDAY
  MAXIMUM         72    345 PM  81    1977  60     12       43
  MINIMUM         41    612 AM  11    1907  36      5       30
  AVERAGE         57                        48      9       37

PRECIPITATION (IN)
  YESTERDAY        0.00          0.70 1960   0.05  -0.05     0.00
  MONTH TO DATE    0.01                      0.87  -0.86     0.29
  SINCE MAR 1      0.64                      1.71  -1.07     0.60
  SINCE JAN 1      0.75                      2.62  -1.87     0.74

DEGREE DAYS
 HEATING
  YESTERDAY        8                        17     -9       28
  MONTH TO DATE  841                       571    270      515
  SINCE MAR 1   2078                      1710    368     1666
  SINCE JUL 1   8596                      8286    310     7602

 COOLING
  YESTERDAY        0                         0      0        0
  MONTH TO DATE    0                         0      0        0
  SINCE MAR 1      0                         0      0        0
  SINCE JAN 1      0                         0      0        0
..................................................................


WIND (MPH)
  HIGHEST WIND SPEED    30   HIGHEST WIND DIRECTION     N (340)
  HIGHEST GUST SPEED    41   HIGHEST GUST DIRECTION    SW (210)
  AVERAGE WIND SPEED    16.7


SKY COVER
  POSSIBLE SUNSHINE  MM
  AVERAGE SKY COVER 0.0


WEATHER CONDITIONS
 THE FOLLOWING WEATHER WAS RECORDED YESTERDAY.
  NO SIGNIFICANT WEATHER WAS OBSERVED.


RELATIVE HUMIDITY (PERCENT)
 HIGHEST    65           600 AM
 LOWEST     15           400 PM
 AVERAGE    40

..........................................................


THE MINOT ND CLIMATE NORMALS FOR TODAY
                         NORMAL    RECORD    YEAR
 MAXIMUM TEMPERATURE (F)   60        90      1910
 MINIMUM TEMPERATURE (F)   36        12      1931


SUNRISE AND SUNSET
APRIL 26 2018.........SUNRISE   635 AM CDT   SUNSET   852 PM CDT
APRIL 27 2018.........SUNRISE   633 AM CDT   SUNSET   853 PM CDT


-  INDICATES NEGATIVE NUMBERS.
R  INDICATES RECORD WAS SET OR TIED.
MM INDICATES DATA IS MISSING.
T  INDICATES TRACE AMOUNT.




$$
