000
CDUS44 KHUN 240730
CLIMSL


CLIMATE REPORT
NATIONAL WEATHER SERVICE HUNTSVILLE AL
230 AM CDT TUE APR 24 2018


...................................

...THE MUSCLE SHOALS CLIMATE SUMMARY FOR APRIL 23 2018...

CLIMATE NORMAL PERIOD 1981 TO 2010
CLIMATE RECORD PERIOD 1893 TO 2018


WEATHER ITEM   OBSERVED TIME   RECORD YEAR NORMAL DEPARTURE LAST
                VALUE   (LST)  VALUE       VALUE  FROM      YEAR
                                                  NORMAL
..................................................................
TEMPERATURE (F)
 YESTERDAY
  MAXIMUM         71    221 PM  89    1965  75     -4       57
                                      1925
  MINIMUM         58   1159 PM  33    1927  52      6       50
  AVERAGE         65                        64      1       54

PRECIPITATION (IN)
  YESTERDAY        0.07          2.36 1971   0.14  -0.07     0.04
  MONTH TO DATE    6.27                      3.32   2.95     2.61
  SINCE MAR 1     10.84                      8.08   2.76     7.61
  SINCE JAN 1     25.18                     17.35   7.83    14.85

SNOWFALL (IN)
  YESTERDAY        0.0
  MONTH TO DATE    0.0
  SINCE MAR 1      T
  SINCE JUL 1      0.6
  SNOW DEPTH       0

DEGREE DAYS
 HEATING
  YESTERDAY        0                         4     -4       11
  MONTH TO DATE  191                       140     51       53
  SINCE MAR 1    578                       518     60      373
  SINCE JUL 1   2926                      3053   -127     2053

 COOLING
  YESTERDAY        0                         2     -2        0
  MONTH TO DATE   15                        34    -19       82
  SINCE MAR 1     24                        46    -22      107
  SINCE JAN 1     52                        47      5      115
..................................................................


WIND (MPH)
  HIGHEST WIND SPEED    15   HIGHEST WIND DIRECTION     S (170)
  HIGHEST GUST SPEED    19   HIGHEST GUST DIRECTION     S (170)
  AVERAGE WIND SPEED     6.6


SKY COVER
  POSSIBLE SUNSHINE  MM
  AVERAGE SKY COVER 0.8


WEATHER CONDITIONS
 THE FOLLOWING WEATHER WAS RECORDED YESTERDAY.
  LIGHT RAIN
  FOG


RELATIVE HUMIDITY (PERCENT)
 HIGHEST    93           300 AM
 LOWEST     49           200 PM
 AVERAGE    71

..........................................................


THE MUSCLE SHOALS CLIMATE NORMALS FOR TODAY
                         NORMAL    RECORD    YEAR
 MAXIMUM TEMPERATURE (F)   76        96      1925
 MINIMUM TEMPERATURE (F)   52        35      1910


SUNRISE AND SUNSET
APRIL 24 2018.........SUNRISE   608 AM CDT   SUNSET   730 PM CDT
APRIL 25 2018.........SUNRISE   607 AM CDT   SUNSET   731 PM CDT


-  INDICATES NEGATIVE NUMBERS.
R  INDICATES RECORD WAS SET OR TIED.
MM INDICATES DATA IS MISSING.
T  INDICATES TRACE AMOUNT.




$$
