974
CDUS41 KBTV 230711
CLIMVL


CLIMATE REPORT
NATIONAL WEATHER SERVICE BURLINGTON VT
310 AM EDT WED MAY 23 2018


...................................

...THE MORRISVILLE VT CLIMATE SUMMARY FOR MAY 22 2018...

CLIMATE NORMAL PERIOD 1981 TO 2010
CLIMATE RECORD PERIOD 9999 TO 9999


WEATHER ITEM   OBSERVED TIME   NORMAL DEPARTURE LAST
                VALUE   (LST)  VALUE  FROM      YEAR
                                      NORMAL
......................................................
TEMPERATURE (F)
 YESTERDAY
  MAXIMUM         69   1100 AM  69      0       54
  MINIMUM         42    119 AM  43     -1       48
  AVERAGE         56            56      0       51

PRECIPITATION (IN)
  YESTERDAY        0.29          0.11   0.18     0.43
  MONTH TO DATE    2.30          2.13   0.17     3.45
  SINCE MAR 1      8.84          6.20   2.64     8.19
  SINCE JAN 1     13.93         10.48   3.45    11.26

DEGREE DAYS
 HEATING
  YESTERDAY        9             9      0       14
  MONTH TO DATE  237           277    -40      342
  SINCE MAR 1   2227          2097    130     2232
  SINCE JUL 1   7832          8057   -225     7455

 COOLING
  YESTERDAY        0             0      0        0
  MONTH TO DATE    0             0      0        9
  SINCE MAR 1      0             1     -1        9
  SINCE JAN 1      0             1     -1        9
......................................................


WIND (MPH)
  HIGHEST WIND SPEED    18   HIGHEST WIND DIRECTION    SW (220)
  HIGHEST GUST SPEED    29   HIGHEST GUST DIRECTION     S (190)
  AVERAGE WIND SPEED     2.8


SKY COVER
  AVERAGE SKY COVER 0.5


WEATHER CONDITIONS
 THE FOLLOWING WEATHER WAS RECORDED YESTERDAY.
  LIGHT RAIN
  FOG


RELATIVE HUMIDITY (PERCENT)
 HIGHEST   100           100 AM
 LOWEST     47          1100 AM
 AVERAGE    74

..........................................................


THE MORRISVILLE VT CLIMATE NORMALS FOR TODAY
                         NORMAL    RECORD    YEAR
 MAXIMUM TEMPERATURE (F)   69        82      2010
 MINIMUM TEMPERATURE (F)   43        34      2015
                                             2002


SUNRISE AND SUNSET
MAY 23 2018...........SUNRISE   515 AM EDT   SUNSET   820 PM EDT
MAY 24 2018...........SUNRISE   514 AM EDT   SUNSET   821 PM EDT


-  INDICATES NEGATIVE NUMBERS.
R  INDICATES RECORD WAS SET OR TIED.
MM INDICATES DATA IS MISSING.
T  INDICATES TRACE AMOUNT.




$$
