000
CDUS45 KPSR 190819 RRA
CLINYL

CLIMATE REPORT
NATIONAL WEATHER SERVICE PHOENIX AZ
118 AM MST THU APR 19 2018


...................................

...THE YUMA AZ CLIMATE SUMMARY FOR APRIL 18 2018...

CLIMATE NORMAL PERIOD 1981 TO 2010
CLIMATE RECORD PERIOD 1876 TO 2018


WEATHER ITEM   OBSERVED TIME   RECORD YEAR NORMAL DEPARTURE LAST
                VALUE   (LST)  VALUE       VALUE  FROM      YEAR
                                                  NORMAL
..................................................................
TEMPERATURE (F)
 YESTERDAY
  MAXIMUM         84    427 PM 107    1954  87     -3       95
  MINIMUM         50    628 AM  40    1878  60    -10       67
  AVERAGE         67                        74     -7       81

PRECIPITATION (IN)
  YESTERDAY        0.00          0.05 1933   0.01  -0.01     0.00
  MONTH TO DATE    0.00                      0.12  -0.12     0.00
  SINCE OCT 1      0.25                      2.15  -1.90     2.51
  SINCE JAN 1      0.18                      1.21  -1.03     1.56

DEGREE DAYS
 HEATING
  YESTERDAY        0                         0      0        0
  MONTH TO DATE    0                        12    -12        0
  SINCE MAR 1     47                        62    -15       13
  SINCE JUL 1    406                       685   -279      526

 COOLING
  YESTERDAY        2                         9     -7       16
  MONTH TO DATE  187                       126     61      171
  SINCE MAR 1    300                       243     57      401
  SINCE JAN 1    352                       279     73      442
..................................................................


WIND (MPH)
  HIGHEST WIND SPEED    15   HIGHEST WIND DIRECTION     S (200)
  HIGHEST GUST SPEED    17   HIGHEST GUST DIRECTION     S (190)
  AVERAGE WIND SPEED     4.5


SKY COVER
  AVERAGE SKY COVER 0.0


WEATHER CONDITIONS
 THE FOLLOWING WEATHER WAS RECORDED YESTERDAY.
  NO SIGNIFICANT WEATHER WAS OBSERVED.


RELATIVE HUMIDITY (PERCENT)
 HIGHEST    41
 LOWEST      7
 AVERAGE    24

..........................................................


THE YUMA AZ CLIMATE NORMALS FOR TODAY
                         NORMAL    RECORD    YEAR
 MAXIMUM TEMPERATURE (F)   87       106      1980
 MINIMUM TEMPERATURE (F)   60        40      1933


SUNRISE AND SUNSET
APRIL 19 2018.........SUNRISE   604 AM MST   SUNSET   711 PM MST
APRIL 20 2018.........SUNRISE   603 AM MST   SUNSET   712 PM MST


-  INDICATES NEGATIVE NUMBERS.
R  INDICATES RECORD WAS SET OR TIED.
MM INDICATES DATA IS MISSING.
T  INDICATES TRACE AMOUNT.

$$
