000
CDUS43 KOAX 242147
CLIOAX


CLIMATE REPORT
NATIONAL WEATHER SERVICE OMAHA NEBRASKA
446 PM CDT THU MAY 24 2018


...................................

...THE VALLEY  NWS, NEBRASKA CLIMATE SUMMARY FOR MAY 24 2018...
VALID TODAY AS OF 0400 PM LOCAL TIME.

CLIMATE NORMAL PERIOD 1981 TO 2010
CLIMATE RECORD PERIOD 1997 TO 2018


WEATHER ITEM   OBSERVED TIME   NORMAL DEPARTURE LAST
                VALUE   (LST)  VALUE  FROM      YEAR
                                      NORMAL
......................................................
TEMPERATURE (F)
 TODAY
  MAXIMUM         88    138 PM  75     13       68
  MINIMUM         69    512 AM  55     14       47
  AVERAGE         79            65     14       58

PRECIPITATION (IN)
  TODAY            0.00          0.15  -0.15     0.00
  MONTH TO DATE    2.08          3.51  -1.43     7.23
  SINCE MAR 1      5.63          8.54  -2.91    13.62
  SINCE JAN 1      7.81         10.25  -2.44    15.33

SNOWFALL (IN)
  TODAY            0.0                           0.0
  MONTH TO DATE    0.0                            T
  SINCE JUL 1     24.1                          11.8
  SNOW DEPTH       0

DEGREE DAYS
 HEATING
  TODAY            0             3     -3        7
  MONTH TO DATE   45           136    -91      130
  SINCE MAR 1   1433          1403     30     1168
  SINCE JUL 1   6110          6234   -124     5045

 COOLING
  TODAY           14             3     11        0
  MONTH TO DATE   80            40     40       51
  SINCE MAR 1     88            47     41       54
  SINCE JAN 1     88            47     41       54
......................................................


WIND (MPH)
  HIGHEST WIND SPEED    MM   HIGHEST WIND DIRECTION    MM
  HIGHEST GUST SPEED    23   HIGHEST GUST DIRECTION    MM



WEATHER CONDITIONS
 THE FOLLOWING WEATHER WAS RECORDED TODAY.
  NO SIGNIFICANT WEATHER WAS OBSERVED.


..........................................................


THE VALLEY  NWS, NEBRASKA CLIMATE NORMALS FOR TOMORROW
                         NORMAL
 MAXIMUM TEMPERATURE (F)   76
 MINIMUM TEMPERATURE (F)   56


SUNRISE AND SUNSET
MAY 24 2018...........SUNRISE   559 AM CDT   SUNSET   846 PM CDT
MAY 25 2018...........SUNRISE   559 AM CDT   SUNSET   847 PM CDT


-  INDICATES NEGATIVE NUMBERS.
R  INDICATES RECORD WAS SET OR TIED.
MM INDICATES DATA IS MISSING.
T  INDICATES TRACE AMOUNT.




$$
