000
CDUS43 KOAX 240702
CLIOFK


CLIMATE REPORT
NATIONAL WEATHER SERVICE OMAHA NEBRASKA
151 AM CDT TUE APR 24 2018


...................................

...THE NORFOLK, NEBRASKA CLIMATE SUMMARY FOR APRIL 23 2018...

CLIMATE NORMAL PERIOD 1981 TO 2010
CLIMATE RECORD PERIOD 1888 TO 2018


WEATHER ITEM   OBSERVED TIME   RECORD YEAR NORMAL DEPARTURE LAST
                VALUE   (LST)  VALUE       VALUE  FROM      YEAR
                                                  NORMAL
..................................................................
TEMPERATURE (F)
 YESTERDAY
  MAXIMUM         72    458 PM  91    2009  65      7       73
  MINIMUM         34    615 AM  23    1910  40     -6       36
  AVERAGE         53                        53      0       55

PRECIPITATION (IN)
  YESTERDAY        0.00          1.94 1913   0.10  -0.10     0.00
  MONTH TO DATE    1.00                      1.95  -0.95     1.54
  SINCE MAR 1      2.63                      3.72  -1.09     2.75
  SINCE JAN 1      4.35                      5.07  -0.72     4.99

SNOWFALL (IN)
  YESTERDAY        0.0                       0.1   -0.1      0.0
  MONTH TO DATE   10.9                       2.3    8.6       T
  SINCE JUL 1     45.2                      30.2   15.0     30.2
  SNOW DEPTH       0

DEGREE DAYS
 HEATING
  YESTERDAY       12                        13     -1       10
  MONTH TO DATE  642                       391    251      304
  SINCE MAR 1   1497                      1247    250     1070
  SINCE JUL 1   6697                      6340    357     5525

 COOLING
  YESTERDAY        0                         1     -1        0
  MONTH TO DATE    0                         5     -5        0
  SINCE MAR 1      0                         5     -5        0
  SINCE JAN 1      0                         5     -5        0
..................................................................


WIND (MPH)
  HIGHEST WIND SPEED    12   HIGHEST WIND DIRECTION     E (110)
  HIGHEST GUST SPEED    17   HIGHEST GUST DIRECTION     E (110)
  AVERAGE WIND SPEED     3.4


SKY COVER
  POSSIBLE SUNSHINE  MM
  AVERAGE SKY COVER 0.1


WEATHER CONDITIONS
 THE FOLLOWING WEATHER WAS RECORDED YESTERDAY.
  NO SIGNIFICANT WEATHER WAS OBSERVED.


RELATIVE HUMIDITY (PERCENT)
 HIGHEST    89           400 AM
 LOWEST     22           400 PM
 AVERAGE    56

..........................................................


THE NORFOLK, NEBRASKA CLIMATE NORMALS FOR TODAY
                         NORMAL    RECORD    YEAR
 MAXIMUM TEMPERATURE (F)   65        90      2012
 MINIMUM TEMPERATURE (F)   41        20      1956


SUNRISE AND SUNSET
APRIL 24 2018.........SUNRISE   635 AM CDT   SUNSET   821 PM CDT
APRIL 25 2018.........SUNRISE   634 AM CDT   SUNSET   822 PM CDT


-  INDICATES NEGATIVE NUMBERS.
R  INDICATES RECORD WAS SET OR TIED.
MM INDICATES DATA IS MISSING.
T  INDICATES TRACE AMOUNT.




$$
