000
CDUS46 KSEW 220832
CLIOLM


CLIMATE REPORT
NATIONAL WEATHER SERVICE SEATTLE WA
132 AM PDT SUN APR 22 2018


...................................

...THE OLYMPIA WA AIRPORT CLIMATE SUMMARY FOR APRIL 21 2018...

CLIMATE NORMAL PERIOD 1981 TO 2010
CLIMATE RECORD PERIOD 1948 TO 2018


WEATHER ITEM   OBSERVED TIME   RECORD YEAR NORMAL DEPARTURE LAST
                VALUE   (LST)  VALUE       VALUE  FROM      YEAR
                                                  NORMAL
..................................................................
TEMPERATURE (F)
 YESTERDAY
  MAXIMUM         57    115 PM  80    1982  60     -3       66
  MINIMUM         37   1102 PM  24    1951  38     -1       32
  AVERAGE         47                        49     -2       49

PRECIPITATION (IN)
  YESTERDAY        0.08          0.71 1993   0.11  -0.03     0.00
  MONTH TO DATE    7.01                      2.66   4.35     4.04
  SINCE OCT 1     48.86                     41.75   7.11    56.48
  SINCE JAN 1     23.10                     21.06   2.04    28.38

DEGREE DAYS
 HEATING
  YESTERDAY       18                        16      2       16
  MONTH TO DATE  374                       365      9      360
  SINCE MAR 1   1062                      1001     61      995
  SINCE JUL 1   4632                      4723    -91     4723

 COOLING
  YESTERDAY        0                         0      0        0
  MONTH TO DATE    0                         0      0        0
  SINCE MAR 1      0                         0      0        0
  SINCE JAN 1      0                         0      0        0
..................................................................


WIND (MPH)
  RESULTANT WIND SPEED   6   RESULTANT WIND DIRECTION   W (250)
  HIGHEST WIND SPEED    16   HIGHEST WIND DIRECTION     W (290)
  HIGHEST GUST SPEED    26   HIGHEST GUST DIRECTION     W (280)
  AVERAGE WIND SPEED     7.3


SKY COVER
  AVERAGE SKY COVER 0.4


WEATHER CONDITIONS
 THE FOLLOWING WEATHER WAS RECORDED YESTERDAY.
  LIGHT RAIN
  FOG


RELATIVE HUMIDITY (PERCENT)
 HIGHEST    89           300 AM
 LOWEST     43          1200 PM
 AVERAGE    66

..........................................................


THE OLYMPIA WA AIRPORT CLIMATE NORMALS FOR TODAY
                         NORMAL    RECORD    YEAR
 MAXIMUM TEMPERATURE (F)   60        82      1982
 MINIMUM TEMPERATURE (F)   38        26      1972


SUNRISE AND SUNSET
APRIL 22 2018.........SUNRISE   611 AM PDT   SUNSET   810 PM PDT
APRIL 23 2018.........SUNRISE   609 AM PDT   SUNSET   811 PM PDT


-  INDICATES NEGATIVE NUMBERS.
R  INDICATES RECORD WAS SET OR TIED.
MM INDICATES DATA IS MISSING.
T  INDICATES TRACE AMOUNT.




$$
