401
CDAK49 PAFG 191222
CLIOME

CLIMATE REPORT
NATIONAL WEATHER SERVICE FAIRBANKS AK
422 AM AKDT THU APR 19 2018


...................................

...THE NOME AK CLIMATE SUMMARY FOR APRIL 18 2018...

CLIMATE NORMAL PERIOD 1981 TO 2010
CLIMATE RECORD PERIOD 1906 TO 2018


WEATHER ITEM   OBSERVED TIME   RECORD YEAR NORMAL DEPARTURE LAST
                VALUE   (LST)  VALUE       VALUE  FROM      YEAR
                                                  NORMAL
..................................................................
TEMPERATURE (F)
 YESTERDAY
  MAXIMUM         40    458 PM  44    2016  29     11       36
  MINIMUM         31   1120 PM -22    1924  15     16       21
  AVERAGE         36                        22     14       29

PRECIPITATION (IN)
  YESTERDAY        0.00          0.18 1912   0.03  -0.03     0.00
  MONTH TO DATE    0.16                      0.43  -0.27     0.11
  SINCE MAR 1      2.64                      1.08   1.56     0.12
  SINCE JAN 1      4.56                      2.95   1.61     1.87

SNOWFALL (IN)
  YESTERDAY        0.0           2.2  1955   0.3   -0.3      0.0
  MONTH TO DATE    0.4                       5.0   -4.6      1.1
  SINCE MAR 1     34.4                      13.9   20.5      2.0
  SINCE JUL 1    107.7                      70.6   37.1     54.2
  SNOW DEPTH      26

DEGREE DAYS
 HEATING
  YESTERDAY       29                        43    -14       36
  MONTH TO DATE  724                       863   -139      692
  SINCE MAR 1   2207                      2559   -352     2680
  SINCE JUL 1  10388                     11838  -1450    11475

 COOLING
  YESTERDAY        0                         0      0        0
  MONTH TO DATE    0                         0      0        0
  SINCE MAR 1      0                         0      0        0
  SINCE JAN 1      0                         0      0        0
..................................................................


WIND (MPH)
  HIGHEST GUST SPEED    28   HIGHEST GUST DIRECTION    NE (40)


SKY COVER
  AVERAGE SKY COVER 0.5


WEATHER CONDITIONS
 THE FOLLOWING WEATHER WAS RECORDED YESTERDAY.
  NO SIGNIFICANT WEATHER WAS OBSERVED.


RELATIVE HUMIDITY (PERCENT)
 HIGHEST    75
 LOWEST     59
 AVERAGE    67

..........................................................


THE NOME AK CLIMATE NORMALS FOR TODAY
                         NORMAL    RECORD    YEAR
 MAXIMUM TEMPERATURE (F)   29        48      1953
 MINIMUM TEMPERATURE (F)   16       -14      1929
                                             1922


SUNRISE AND SUNSET
APRIL 19 2018.........SUNRISE   713 AM AKDT  SUNSET  1051 PM AKDT
APRIL 20 2018.........SUNRISE   710 AM AKDT  SUNSET  1055 PM AKDT

-  INDICATES NEGATIVE NUMBERS.
R  INDICATES RECORD WAS SET OR TIED.
MM INDICATES DATA IS MISSING.
T  INDICATES TRACE AMOUNT.

&&

SNOW DEPTH IS MEASURED AT 3AM AKST/4AM AKDT.

----------------------------
AVAILABLE DAYLIGHT

AMOUNT OF DAYLIGHT TODAY  (HOUR:MIN)........15:38
GAIN/LOSS SINCE YESTERDAY (HOUR:MIN:SEC)....+0:06:46

NOME TIDAL INFORMATION FOR 19 APRIL 2018
0140  -0.1
0846  +1.2
1347  +0.5
1922  +1.2

$$
HFL APR 18
