000
CDUS41 KAKQ 200541
CLIORF


CLIMATE REPORT
NATIONAL WEATHER SERVICE WAKEFIELD, VA
140 AM EDT FRI APR 20 2018


...................................

...THE NORFOLK VA CLIMATE SUMMARY FOR APRIL 19 2018...

CLIMATE NORMAL PERIOD 1981 TO 2010
CLIMATE RECORD PERIOD 1871 TO 2018


WEATHER ITEM   OBSERVED TIME   RECORD YEAR NORMAL DEPARTURE LAST
                VALUE   (LST)  VALUE       VALUE  FROM      YEAR
                                                  NORMAL
..................................................................
TEMPERATURE (F)
 YESTERDAY
  MAXIMUM         70    125 PM  92    1995  69      1       72
                                      1985
                                      1896
  MINIMUM         48   1159 PM  27    1875  50     -2       55
  AVERAGE         59                        59      0       64

PRECIPITATION (IN)
  YESTERDAY        0.00          1.45 1900   0.11  -0.11      T
  MONTH TO DATE    1.81                      2.17  -0.36     1.16
  SINCE MAR 1      5.69                      5.85  -0.16     5.77
  SINCE JAN 1     10.93                     12.37  -1.44    10.84

SNOWFALL (IN)
  YESTERDAY        0.0           0.0  2002   0.0    0.0
  MONTH TO DATE    0.0                       0.0    0.0
  SINCE NOV 1     15.1                       5.8    9.3
  SINCE JUL 1     15.1                       5.8    9.3
  SNOW DEPTH       0

DEGREE DAYS
 HEATING
  YESTERDAY        6                         7     -1        1
  MONTH TO DATE  167                       175     -8       79
  SINCE MAR 1    753                       667     86      551
  SINCE JUL 1   3107                      3236   -129     2603

 COOLING
  YESTERDAY        0                         1     -1        0
  MONTH TO DATE   21                        19      2       51
  SINCE MAR 1     28                        25      3       67
  SINCE JAN 1     43                        26     17       70
..................................................................


WIND (MPH)
  HIGHEST WIND SPEED    28   HIGHEST WIND DIRECTION     N (350)
  HIGHEST GUST SPEED    36   HIGHEST GUST DIRECTION     N (360)
  AVERAGE WIND SPEED    12.6


SKY COVER
  POSSIBLE SUNSHINE  MM
  AVERAGE SKY COVER 0.2


WEATHER CONDITIONS
 THE FOLLOWING WEATHER WAS RECORDED YESTERDAY.
  NO SIGNIFICANT WEATHER WAS OBSERVED.


RELATIVE HUMIDITY (PERCENT)
 HIGHEST    78          1200 AM
 LOWEST     36           800 PM
 AVERAGE    57

..........................................................


THE NORFOLK VA CLIMATE NORMALS FOR TODAY
                         NORMAL    RECORD    YEAR
 MAXIMUM TEMPERATURE (F)   69        91      1941
 MINIMUM TEMPERATURE (F)   50        33      1926


SUNRISE AND SUNSET
APRIL 20 2018.........SUNRISE   624 AM EDT   SUNSET   744 PM EDT
APRIL 21 2018.........SUNRISE   623 AM EDT   SUNSET   745 PM EDT


-  INDICATES NEGATIVE NUMBERS.
R  INDICATES RECORD WAS SET OR TIED.
MM INDICATES DATA IS MISSING.
T  INDICATES TRACE AMOUNT.




$$
