000
CDUS46 KMFR 210827
CLIOTH


CLIMATE REPORT
NATIONAL WEATHER SERVICE MEDFORD, OR
127 AM PDT MON MAY 21 2018


...................................

...THE NORTH BEND OR CLIMATE SUMMARY FOR MAY 20 2018...

CLIMATE NORMAL PERIOD 1981 TO 2010
CLIMATE RECORD PERIOD 1902 TO 2018


WEATHER ITEM   OBSERVED TIME   RECORD YEAR NORMAL DEPARTURE LAST
                VALUE   (LST)  VALUE       VALUE  FROM      YEAR
                                                  NORMAL
..................................................................
TEMPERATURE (F)
 YESTERDAY
  MAXIMUM         60        MM  74    1942  59      1       61
  MINIMUM         54        MM  36    1922  48      6       54
  AVERAGE         57                        54      3       58

PRECIPITATION (IN)
  YESTERDAY        0.00          1.16 1960   0.10  -0.10     0.03
  MONTH TO DATE    0.01                      2.23  -2.22     4.57
  SINCE OCT 1     45.07                     59.10 -14.03    78.92
  SINCE JAN 1     26.17                     33.01  -6.84    44.77

SNOWFALL (IN)
  YESTERDAY       MM
  SNOW DEPTH      MM

DEGREE DAYS
 HEATING
  YESTERDAY        8                        12     -4        7
  MONTH TO DATE  195                       255    -60      234
  SINCE MAR 1   1178                      1267    -89     1074
  SINCE JUL 1   3864                      4441   -577     3850

 COOLING
  YESTERDAY        0                         0      0        0
  MONTH TO DATE    0                         0      0        0
  SINCE MAR 1      0                         0      0        0
  SINCE JAN 1      0                         0      0        0
..................................................................


WIND (MPH)
  HIGHEST WIND SPEED    15   HIGHEST WIND DIRECTION     N (340)
  HIGHEST GUST SPEED    MM   HIGHEST GUST DIRECTION    MM
  AVERAGE WIND SPEED    10.5


SKY COVER
  POSSIBLE SUNSHINE  MM
  AVERAGE SKY COVER 1.0


WEATHER CONDITIONS
 THE FOLLOWING WEATHER WAS RECORDED YESTERDAY.
  NO SIGNIFICANT WEATHER WAS OBSERVED.


RELATIVE HUMIDITY (PERCENT)
 HIGHEST    77          1200 AM
 LOWEST     62           400 PM

..........................................................


THE NORTH BEND OR CLIMATE NORMALS FOR TODAY
                         NORMAL    RECORD    YEAR
 MAXIMUM TEMPERATURE (F)   59        87      1914
 MINIMUM TEMPERATURE (F)   48        35      1909


SUNRISE AND SUNSET
MAY 21 2018...........SUNRISE   547 AM PDT   SUNSET   841 PM PDT
MAY 22 2018...........SUNRISE   546 AM PDT   SUNSET   842 PM PDT


-  INDICATES NEGATIVE NUMBERS.
R  INDICATES RECORD WAS SET OR TIED.
MM INDICATES DATA IS MISSING.
T  INDICATES TRACE AMOUNT.




$$
