938
CDUS42 KMFL 230842
CLIPBI


CLIMATE REPORT
NATIONAL WEATHER SERVICE MIAMI, FL
440 AM EDT MON APR 23 2018


...................................

...THE WEST PALM BEACH CLIMATE SUMMARY FOR APRIL 22 2018...

CLIMATE NORMAL PERIOD 1981 TO 2010
CLIMATE RECORD PERIOD 1888 TO 2018


WEATHER ITEM   OBSERVED TIME   RECORD YEAR NORMAL DEPARTURE LAST
                VALUE   (LST)  VALUE       VALUE  FROM      YEAR
                                                  NORMAL
..................................................................
TEMPERATURE (F)
 YESTERDAY
  MAXIMUM         82   1111 AM  93    1988  83     -1       84
  MINIMUM         71   1149 PM  46    1901  67      4       74
  AVERAGE         77                        75      2       79

PRECIPITATION (IN)
  YESTERDAY        0.16          2.22 1954   0.12   0.04     0.00
  MONTH TO DATE    4.38                      2.82   1.56     0.11
  SINCE NOV 1     13.22                     21.49  -8.27     9.64
  SINCE JAN 1      9.78                     13.36  -3.58     5.17

SNOWFALL (IN)
  YESTERDAY        0.0
  MONTH TO DATE    0.0
  SINCE MAR 1      0.0
  SINCE JUL 1      0.0
  SNOW DEPTH       0

DEGREE DAYS
 HEATING
  YESTERDAY        0                         0      0        0
  MONTH TO DATE    0                         0      0        0
  SINCE MAR 1     39                        24     15       16
  SINCE JUL 1    179                       229    -50       68

 COOLING
  YESTERDAY       12                        10      2       14
  MONTH TO DATE  216                       183     33      242
  SINCE MAR 1    349                       376    -27      436
  SINCE JAN 1    755                       611    144      776
..................................................................


WIND (MPH)
  HIGHEST WIND SPEED    24   HIGHEST WIND DIRECTION     E (110)
  HIGHEST GUST SPEED    28   HIGHEST GUST DIRECTION     E (100)
  AVERAGE WIND SPEED    16.1


SKY COVER
  AVERAGE SKY COVER 0.7


WEATHER CONDITIONS
 THE FOLLOWING WEATHER WAS RECORDED YESTERDAY.
  THUNDERSTORM
  HEAVY RAIN
  RAIN
  LIGHT RAIN
  FOG


RELATIVE HUMIDITY (PERCENT)
 HIGHEST    87
 LOWEST     69
 AVERAGE    78

..........................................................


THE WEST PALM BEACH CLIMATE NORMALS FOR TODAY
                         NORMAL    RECORD    YEAR
 MAXIMUM TEMPERATURE (F)   83        95      1971
 MINIMUM TEMPERATURE (F)   67        47      1910


SUNRISE AND SUNSET
APRIL 23 2018.........SUNRISE   649 AM EDT   SUNSET   749 PM EDT
APRIL 24 2018.........SUNRISE   648 AM EDT   SUNSET   749 PM EDT


-  INDICATES NEGATIVE NUMBERS.
R  INDICATES RECORD WAS SET OR TIED.
MM INDICATES DATA IS MISSING.
T  INDICATES TRACE AMOUNT.




$$
