000
CDUS46 KPDT 190838
CLIPDT

CLIMATE REPORT
NATIONAL WEATHER SERVICE PENDLETON OR
128 AM PDT THU APR 19 2018


...................................

...THE PENDLETON OR CLIMATE SUMMARY FOR APRIL 18 2018...

CLIMATE NORMAL PERIOD 1981 TO 2010
CLIMATE RECORD PERIOD 1890 TO 2018


WEATHER ITEM   OBSERVED TIME   RECORD YEAR NORMAL DEPARTURE LAST
                VALUE   (LST)  VALUE       VALUE  FROM      YEAR
                                                  NORMAL
..................................................................
TEMPERATURE (F)
 YESTERDAY
  MAXIMUM         61    249 PM  88    1910  63     -2       60
  MINIMUM         33    507 AM  23    1909  39     -6       41
  AVERAGE         47                        51     -4       51

PRECIPITATION (IN)
  YESTERDAY        0.00          1.00 1902   0.04  -0.04     0.37
  MONTH TO DATE    1.37                      0.69   0.68     1.10
  SINCE OCT 1      9.27                      8.55   0.72    12.89
  SINCE JAN 1      5.08                      4.55   0.53     7.37

SNOWFALL (IN)
  YESTERDAY        0.0           T    2017   0.0    0.0       T
  MONTH TO DATE    T                         0.0    0.0       T
  SINCE JAN 1      5.0                       7.7   -2.7     25.9
  SINCE JUL 1     15.0                      15.2   -0.2     44.4
  SNOW DEPTH       0

DEGREE DAYS
 HEATING
  YESTERDAY       18                        14      4       14
  MONTH TO DATE  281                       277      4      297
  SINCE MAR 1    919                       894     25      882
  SINCE JUL 1   4696                      4793    -97     5184

 COOLING
  YESTERDAY        0                         0      0        0
  MONTH TO DATE    0                         0      0        0
  SINCE MAR 1      0                         0      0        0
  SINCE JAN 1      0                         0      0        0
..................................................................


WIND (MPH)
  HIGHEST WIND SPEED    20   HIGHEST WIND DIRECTION    NE (30)
  HIGHEST GUST SPEED    23   HIGHEST GUST DIRECTION     N (10)
  AVERAGE WIND SPEED     8.7


SKY COVER
  POSSIBLE SUNSHINE  MM
  AVERAGE SKY COVER 0.4


WEATHER CONDITIONS
 THE FOLLOWING WEATHER WAS RECORDED YESTERDAY.
  NO SIGNIFICANT WEATHER WAS OBSERVED.


RELATIVE HUMIDITY (PERCENT)
 HIGHEST    85           700 AM
 LOWEST     32           200 PM
 AVERAGE    59

..........................................................


THE PENDLETON OR CLIMATE NORMALS FOR TODAY
                         NORMAL    RECORD    YEAR
 MAXIMUM TEMPERATURE (F)   63        88      1934
 MINIMUM TEMPERATURE (F)   39        23      1966
                                             1898


SUNRISE AND SUNSET
APRIL 19 2018.........SUNRISE   603 AM PDT   SUNSET   747 PM PDT
APRIL 20 2018.........SUNRISE   601 AM PDT   SUNSET   749 PM PDT


-  INDICATES NEGATIVE NUMBERS.
R  INDICATES RECORD WAS SET OR TIED.
MM INDICATES DATA IS MISSING.
T  INDICATES TRACE AMOUNT.




$$
