000
CDUS41 KPBZ 190703
CLIPHD


CLIMATE REPORT
NATIONAL WEATHER SERVICE PITTSBURGH PA
302 AM EDT THU APR 19 2018


...................................

...THE NEW PHILADELPHIA OH CLIMATE SUMMARY FOR APRIL 18 2018...

CLIMATE NORMAL PERIOD 1981 TO 2010
CLIMATE RECORD PERIOD 1948 TO 2018


WEATHER ITEM   OBSERVED TIME   RECORD YEAR NORMAL DEPARTURE LAST
                VALUE   (LST)  VALUE       VALUE  FROM      YEAR
                                                  NORMAL
..................................................................
TEMPERATURE (F)
 YESTERDAY
  MAXIMUM         54    457 PM  86    1976  64    -10       73
  MINIMUM         26            24    1983  39    -13       41
                                      1962
  AVERAGE         40                        52    -12       57

PRECIPITATION (IN)
  YESTERDAY        0.17          1.24 1973   0.11   0.06     0.00
  MONTH TO DATE    4.09                      2.01   2.08     1.84
  SINCE JUN 1     34.49                     33.31   1.18    33.09
  SINCE JAN 1     13.97                     10.01   3.96    12.51

DEGREE DAYS
 HEATING
  YESTERDAY       25                        13     12        8
  MONTH TO DATE  375                       291     84      208
  SINCE MAR 1   1275                      1070    205      961
  SINCE JUL 1   5365                      5277     88     4458

 COOLING
  YESTERDAY        0                         0      0        0
  MONTH TO DATE    8                         0      8        7
  SINCE MAR 1      8                         1      7        7
  SINCE JAN 1     13                         1     12        7
..................................................................


WIND (MPH)
  HIGHEST WIND SPEED    10   HIGHEST WIND DIRECTION     N (360)
  HIGHEST GUST SPEED    12   HIGHEST GUST DIRECTION     N (360)
  AVERAGE WIND SPEED     2.7


SKY COVER
  POSSIBLE SUNSHINE  MM
  AVERAGE SKY COVER 0.4


WEATHER CONDITIONS
 THE FOLLOWING WEATHER WAS RECORDED YESTERDAY.
  RAIN
  LIGHT RAIN
  FOG


RELATIVE HUMIDITY (PERCENT)
 HIGHEST    92           500 AM
 LOWEST     41           200 PM
 AVERAGE    67

..........................................................


THE NEW PHILADELPHIA OH CLIMATE NORMALS FOR TODAY
                         NORMAL    RECORD    YEAR
 MAXIMUM TEMPERATURE (F)   65        88      1976
 MINIMUM TEMPERATURE (F)   40        22      1983


SUNRISE AND SUNSET
APRIL 19 2018.........SUNRISE   641 AM EDT   SUNSET   809 PM EDT
APRIL 20 2018.........SUNRISE   640 AM EDT   SUNSET   810 PM EDT


-  INDICATES NEGATIVE NUMBERS.
R  INDICATES RECORD WAS SET OR TIED.
MM INDICATES DATA IS MISSING.
T  INDICATES TRACE AMOUNT.




$$
