000
CDUS43 KILX 230633
CLIPIA


CLIMATE REPORT
NATIONAL WEATHER SERVICE LINCOLN IL
131 AM CDT MON APR 23 2018


...................................

...THE PEORIA IL CLIMATE SUMMARY FOR APRIL 22 2018...

CLIMATE NORMAL PERIOD 1981 TO 2010
CLIMATE RECORD PERIOD 1883 TO 2018


WEATHER ITEM   OBSERVED TIME   RECORD YEAR NORMAL DEPARTURE LAST
                VALUE   (LST)  VALUE       VALUE  FROM      YEAR
                                                  NORMAL
..................................................................
TEMPERATURE (F)
 YESTERDAY
  MAXIMUM         68    329 PM  88    1980  66      2       65
  MINIMUM         46    502 AM  25    1986  44      2       44
  AVERAGE         57                        55      2       55

PRECIPITATION (IN)
  YESTERDAY        0.00          2.60 1883   0.12  -0.12     0.00
  MONTH TO DATE    1.72                      2.60  -0.88     3.25
  SINCE MAR 1      5.44                      5.40   0.04     7.28
  SINCE JAN 1     11.86                      8.97   2.89     9.94

SNOWFALL (IN)
  YESTERDAY        0.0           T    1992   0.0    0.0      0.0
                                      1927
  MONTH TO DATE    2.5                       0.6    1.9      0.0
  SINCE MAR 1     11.8                       3.3    8.5      4.2
  SINCE JUL 1     32.1                      24.6    7.5     13.9
  SNOW DEPTH       0

DEGREE DAYS
 HEATING
  YESTERDAY        8                        11     -3       10
  MONTH TO DATE  519                       319    200      176
  SINCE MAR 1   1330                      1075    255      868
  SINCE JUL 1   5690                      5591     99     4475

 COOLING
  YESTERDAY        0                         1     -1        0
  MONTH TO DATE    2                         5     -3       16
  SINCE MAR 1      2                         6     -4       16
  SINCE JAN 1      2                         6     -4       16
..................................................................


WIND (MPH)
  HIGHEST WIND SPEED    23   HIGHEST WIND DIRECTION     E (70)
  HIGHEST GUST SPEED    30   HIGHEST GUST DIRECTION     E (70)
  AVERAGE WIND SPEED    14.9


SKY COVER
  POSSIBLE SUNSHINE  MM
  AVERAGE SKY COVER 0.1


WEATHER CONDITIONS
 THE FOLLOWING WEATHER WAS RECORDED YESTERDAY.
  NO SIGNIFICANT WEATHER WAS OBSERVED.


RELATIVE HUMIDITY (PERCENT)
 HIGHEST    53           600 AM
 LOWEST     18           300 PM
 AVERAGE    36

..........................................................


THE PEORIA IL CLIMATE NORMALS FOR TODAY
                         NORMAL    RECORD    YEAR
 MAXIMUM TEMPERATURE (F)   66        88      1886
 MINIMUM TEMPERATURE (F)   44        23      1910


SUNRISE AND SUNSET
APRIL 23 2018.........SUNRISE   608 AM CDT   SUNSET   746 PM CDT
APRIL 24 2018.........SUNRISE   607 AM CDT   SUNSET   748 PM CDT


-  INDICATES NEGATIVE NUMBERS.
R  INDICATES RECORD WAS SET OR TIED.
MM INDICATES DATA IS MISSING.
T  INDICATES TRACE AMOUNT.




$$
