515
CDUS41 KRLX 250735
CLIPKB


CLIMATE REPORT
NATIONAL WEATHER SERVICE CHARLESTON WV
334 AM EDT WED APR 25 2018


...................................

...THE PARKERSBURG WV CLIMATE SUMMARY FOR APRIL 24 2018...

CLIMATE NORMAL PERIOD 1981 TO 2010
CLIMATE RECORD PERIOD 1889 TO 2018


WEATHER ITEM   OBSERVED TIME   RECORD YEAR NORMAL DEPARTURE LAST
                VALUE   (LST)  VALUE       VALUE  FROM      YEAR
                                                  NORMAL
..................................................................
TEMPERATURE (F)
 YESTERDAY
  MAXIMUM         55    445 PM  89    1960  69    -14       62
  MINIMUM         51   1009 AM  28    2015  45      6       54
                                      1986
  AVERAGE         53                        57     -4       58

PRECIPITATION (IN)
  YESTERDAY        1.05          1.99 1975   0.12   0.93     0.02
  MONTH TO DATE    5.07                      2.61   2.46     3.48
  SINCE JAN 1     18.86                     11.99   6.87    16.58

SNOWFALL (IN)
  YESTERDAY       MM
  MONTH TO DATE   MM
  SINCE SEP 1     MM
  SNOW DEPTH      MM

DEGREE DAYS
 HEATING
  YESTERDAY       12                         9      3        7
  MONTH TO DATE  417                       296    121      179
  SINCE MAR 1   1195                       967    228      815
  SINCE JUL 1   4850                      4757     93     3846

 COOLING
  YESTERDAY        0                         1     -1        0
  MONTH TO DATE   20                        14      6       18
  SINCE MAR 1     20                        17      3       20
  SINCE JAN 1     26                        17      9       24
..................................................................


WIND (MPH)
  HIGHEST WIND SPEED    13   HIGHEST WIND DIRECTION     E (80)
  HIGHEST GUST SPEED    18   HIGHEST GUST DIRECTION     E (80)
  AVERAGE WIND SPEED     6.8


SKY COVER
  POSSIBLE SUNSHINE  MM
  AVERAGE SKY COVER 1.0


WEATHER CONDITIONS
 THE FOLLOWING WEATHER WAS RECORDED YESTERDAY.
  RAIN
  LIGHT RAIN
  FOG


RELATIVE HUMIDITY (PERCENT)
 HIGHEST   100          1000 PM
 LOWEST     83          1200 AM
 AVERAGE    92

..........................................................


THE PARKERSBURG WV CLIMATE NORMALS FOR TODAY
                         NORMAL    RECORD    YEAR
 MAXIMUM TEMPERATURE (F)   69        89      2009
                                             1948
 MINIMUM TEMPERATURE (F)   45        31      1927


SUNRISE AND SUNSET
APRIL 25 2018.........SUNRISE   635 AM EDT   SUNSET   813 PM EDT
APRIL 26 2018.........SUNRISE   633 AM EDT   SUNSET   814 PM EDT


-  INDICATES NEGATIVE NUMBERS.
R  INDICATES RECORD WAS SET OR TIED.
MM INDICATES DATA IS MISSING.
T  INDICATES TRACE AMOUNT.




$$
