000
CDUS46 KLOX 231000
CLIPMD


CLIMATE REPORT
NATIONAL WEATHER SERVICE LOS ANGELES/OXNARD CA
300 AM PDT MON APR 23 2018


...................................

...THE PALMDALE AIRPORT CA CLIMATE SUMMARY FOR APRIL 22 2018...

CLIMATE NORMAL PERIOD 1981 TO 2010
CLIMATE RECORD PERIOD 1931 TO 2018


WEATHER ITEM   OBSERVED TIME   RECORD YEAR NORMAL DEPARTURE LAST
                VALUE   (LST)  VALUE       VALUE  FROM      YEAR
                                                  NORMAL
..................................................................
TEMPERATURE (F)
 YESTERDAY
  MAXIMUM         87    241 PM  96    1949  74     13       90
  MINIMUM         52    530 AM  28    1963  45      7       48
  AVERAGE         70                        60     10       69

PRECIPITATION (IN)
  YESTERDAY        0.00          0.05 1955   0.02  -0.02     0.00
  MONTH TO DATE    0.01                      0.37  -0.36      T
  SINCE OCT 1      2.57                      7.33  -4.76     5.91
  SINCE JAN 1      2.57                      4.88  -2.31     4.12

SNOWFALL (IN)
  YESTERDAY        0.0           T    1960  MM              MM
  MONTH TO DATE    0.0                      MM               0.0
  SINCE MAR 1      0.0                      MM               0.0
  SINCE JUL 1      0.0                      MM               0.0
  SNOW DEPTH       0

DEGREE DAYS
 HEATING
  YESTERDAY        0                         6     -6        0
  MONTH TO DATE   85                       188   -103       92
  SINCE MAR 1    437                       564   -127      335
  SINCE JUL 1   2118                      2809   -691     2244

 COOLING
  YESTERDAY        5                         1      4        4
  MONTH TO DATE   21                         7     14        6
  SINCE MAR 1     23                         9     14       13
  SINCE JAN 1     23                         9     14       13
..................................................................


WIND (MPH)
  HIGHEST WIND SPEED    26   HIGHEST WIND DIRECTION    SW (230)
  HIGHEST GUST SPEED    32   HIGHEST GUST DIRECTION    SW (230)
  AVERAGE WIND SPEED    11.4


SKY COVER
  POSSIBLE SUNSHINE  MM
  AVERAGE SKY COVER 0.0


WEATHER CONDITIONS
 THE FOLLOWING WEATHER WAS RECORDED YESTERDAY.
  NO SIGNIFICANT WEATHER WAS OBSERVED.


RELATIVE HUMIDITY (PERCENT)
 HIGHEST    41           500 AM
 LOWEST      9           100 PM
 AVERAGE    25

..........................................................


THE PALMDALE AIRPORT CA CLIMATE NORMALS FOR TODAY
                         NORMAL    RECORD    YEAR
 MAXIMUM TEMPERATURE (F)   75        95      1949
 MINIMUM TEMPERATURE (F)   46        29      1968


SUNRISE AND SUNSET
APRIL 23 2018.........SUNRISE   611 AM PDT   SUNSET   731 PM PDT
APRIL 24 2018.........SUNRISE   610 AM PDT   SUNSET   732 PM PDT


-  INDICATES NEGATIVE NUMBERS.
R  INDICATES RECORD WAS SET OR TIED.
MM INDICATES DATA IS MISSING.
T  INDICATES TRACE AMOUNT.




$$
