624
CDUS44 KMOB 230645
CLIPNS


CLIMATE REPORT
NATIONAL WEATHER SERVICE MOBILE AL
145 AM CDT MON APR 23 2018


...................................

...THE PENSACOLA CLIMATE SUMMARY FOR APRIL 22 2018...

CLIMATE NORMAL PERIOD 1981 TO 2010
CLIMATE RECORD PERIOD 1879 TO 2018


WEATHER ITEM   OBSERVED TIME   RECORD YEAR NORMAL DEPARTURE LAST
                VALUE   (LST)  VALUE       VALUE  FROM      YEAR
                                                  NORMAL
..................................................................
TEMPERATURE (F)
 YESTERDAY
  MAXIMUM         75    945 AM  96    1987  77     -2       82
  MINIMUM         69   1142 PM  46    1993  59     10       68
  AVERAGE         72                        68      4       75

PRECIPITATION (IN)
  YESTERDAY        0.68          2.95 1945   0.13   0.55     0.00
  MONTH TO DATE    3.99                      3.28   0.71     2.99
  SINCE MAR 1      6.01                      9.09  -3.08     5.35
  SINCE JAN 1     19.31                     18.78   0.53    20.70

DEGREE DAYS
 HEATING
  YESTERDAY        0                         1     -1        0
  MONTH TO DATE   46                        46      0        8
  SINCE MAR 1    170                       222    -52      100
  SINCE JUL 1   1193                      1530   -337      633

 COOLING
  YESTERDAY        7                         4      3       10
  MONTH TO DATE   61                        61      0      139
  SINCE MAR 1    125                        94     31      267
  SINCE JAN 1    223                       108    115      377
..................................................................


WIND (MPH)
  HIGHEST WIND SPEED    35   HIGHEST WIND DIRECTION     S (170)
  HIGHEST GUST SPEED    45   HIGHEST GUST DIRECTION     S (160)
  AVERAGE WIND SPEED    13.2


SKY COVER
  POSSIBLE SUNSHINE  MM
  AVERAGE SKY COVER 0.9


WEATHER CONDITIONS
 THE FOLLOWING WEATHER WAS RECORDED YESTERDAY.
  RAIN
  LIGHT RAIN
  FOG


RELATIVE HUMIDITY (PERCENT)
 HIGHEST    93          1200 PM
 LOWEST     78          1200 AM
 AVERAGE    86

..........................................................


THE PENSACOLA CLIMATE NORMALS FOR TODAY
                         NORMAL    RECORD    YEAR
 MAXIMUM TEMPERATURE (F)   77        87      1987
                                             1963
 MINIMUM TEMPERATURE (F)   60        45      1993


SUNRISE AND SUNSET
APRIL 23 2018.........SUNRISE   613 AM CDT   SUNSET   722 PM CDT
APRIL 24 2018.........SUNRISE   612 AM CDT   SUNSET   722 PM CDT


-  INDICATES NEGATIVE NUMBERS.
R  INDICATES RECORD WAS SET OR TIED.
MM INDICATES DATA IS MISSING.
T  INDICATES TRACE AMOUNT.




$$
