000
CDUS46 KLOX 200905
CLIPRB


CLIMATE REPORT
NATIONAL WEATHER SERVICE LOS ANGELES/OXNARD CA
205 AM PDT FRI APR 20 2018


...................................

...THE PASO ROBLES AIRPORT CA CLIMATE SUMMARY FOR APRIL 19 2018...

CLIMATE NORMAL PERIOD 1981 TO 2010
CLIMATE RECORD PERIOD 1948 TO 2018


WEATHER ITEM   OBSERVED TIME   RECORD YEAR NORMAL DEPARTURE LAST
                VALUE   (LST)  VALUE       VALUE  FROM      YEAR
                                                  NORMAL
..................................................................
TEMPERATURE (F)
 YESTERDAY
  MAXIMUM         68    311 PM  95    2009  73     -5       74
  MINIMUM         38    457 AM  27    1972  41     -3       48
  AVERAGE         53                        57     -4       61

PRECIPITATION (IN)
  YESTERDAY        T             0.53 1988   0.02  -0.02     0.00
  MONTH TO DATE    0.20                      0.50  -0.30     0.95
  SINCE OCT 1      9.62                     11.99  -2.37    15.96
  SINCE JAN 1      9.35                      8.33   1.02    12.28

SNOWFALL (IN)
  YESTERDAY       MM
  MONTH TO DATE    0.0
  SINCE MAR 1      0.0
  SINCE JUL 1      0.0

DEGREE DAYS
 HEATING
  YESTERDAY       12                         8      4        4
  MONTH TO DATE  133                       179    -46      142
  SINCE MAR 1    489                       545    -56      426
  SINCE JUL 1   2190                      2638   -448     2227

 COOLING
  YESTERDAY        0                         0      0        0
  MONTH TO DATE    1                         0      1        0
  SINCE MAR 1      1                         0      1        0
  SINCE JAN 1      1                         0      1        0
..................................................................


WIND (MPH)
  HIGHEST WIND SPEED    25   HIGHEST WIND DIRECTION     N (340)
  HIGHEST GUST SPEED    32   HIGHEST GUST DIRECTION     N (350)
  AVERAGE WIND SPEED    10.3


SKY COVER
  POSSIBLE SUNSHINE  MM
  AVERAGE SKY COVER 0.2


WEATHER CONDITIONS
 THE FOLLOWING WEATHER WAS RECORDED YESTERDAY.
  LIGHT RAIN


RELATIVE HUMIDITY (PERCENT)
 HIGHEST    93           600 AM
 LOWEST     22           300 PM
 AVERAGE    58

..........................................................


THE PASO ROBLES AIRPORT CA CLIMATE NORMALS FOR TODAY
                         NORMAL    RECORD    YEAR
 MAXIMUM TEMPERATURE (F)   74        98      2009
 MINIMUM TEMPERATURE (F)   42        28      1972


SUNRISE AND SUNSET
APRIL 20 2018.........SUNRISE   623 AM PDT   SUNSET   740 PM PDT
APRIL 21 2018.........SUNRISE   622 AM PDT   SUNSET   741 PM PDT


-  INDICATES NEGATIVE NUMBERS.
R  INDICATES RECORD WAS SET OR TIED.
MM INDICATES DATA IS MISSING.
T  INDICATES TRACE AMOUNT.




$$
