544
CDUS41 KALY 260624
CLIPSF


CLIMATE REPORT
NATIONAL WEATHER SERVICE ALBANY NY
222 AM EDT THU APR 26 2018


...................................

...THE PITTSFIELD MA CLIMATE SUMMARY FOR APRIL 25 2018...

CLIMATE NORMAL PERIOD 1981 TO 2010
CLIMATE RECORD PERIOD 9999 TO 9999


WEATHER ITEM   OBSERVED TIME   NORMAL DEPARTURE LAST
                VALUE   (LST)  VALUE  FROM      YEAR
                                      NORMAL
......................................................
TEMPERATURE (F)
 YESTERDAY
  MAXIMUM         59    228 PM  59      0       53
  MINIMUM         44    430 AM  37      7       46
  AVERAGE         52            48      4       50

PRECIPITATION (IN)
  YESTERDAY        0.35          0.10   0.25     0.17
  MONTH TO DATE    2.69          3.35  -0.66     3.07
  SINCE MAR 1      5.04          6.72  -1.68     6.18
  SINCE JAN 1     13.79         12.32   1.47    11.76

DEGREE DAYS
 HEATING
  YESTERDAY       13            17     -4       15
  MONTH TO DATE  677           548    129      441
  SINCE MAR 1   1710          1575    135     1572
  SINCE JUL 1   6552          6955   -403     6274

 COOLING
  YESTERDAY        0             0      0        0
  MONTH TO DATE    0             0      0        1
  SINCE MAR 1      0             0      0        1
  SINCE JAN 1      0             0      0        1
......................................................


WIND (MPH)
  HIGHEST WIND SPEED    14   HIGHEST WIND DIRECTION     E (110)
  HIGHEST GUST SPEED    18   HIGHEST GUST DIRECTION    SE (120)
  AVERAGE WIND SPEED     4.7


SKY COVER
  AVERAGE SKY COVER 1.0



RELATIVE HUMIDITY (PERCENT)
 HIGHEST    93
 LOWEST     71
 AVERAGE    82

..........................................................


THE PITTSFIELD MA CLIMATE NORMALS FOR TODAY
                         NORMAL
 MAXIMUM TEMPERATURE (F)   59
 MINIMUM TEMPERATURE (F)   38


SUNRISE AND SUNSET
APRIL 26 2018.........SUNRISE   555 AM EDT   SUNSET   747 PM EDT
APRIL 27 2018.........SUNRISE   554 AM EDT   SUNSET   748 PM EDT


-  INDICATES NEGATIVE NUMBERS.
R  INDICATES RECORD WAS SET OR TIED.
MM INDICATES DATA IS MISSING.
T  INDICATES TRACE AMOUNT.




$$
