000
CDUS45 KPUB 221055
CLIPUB


CLIMATE REPORT
NATIONAL WEATHER SERVICE PUEBLO
455 AM MDT TUE MAY 22 2018


...................................

...THE PUEBLO CO CLIMATE SUMMARY FOR MAY 21 2018...

CLIMATE NORMAL PERIOD 1981 TO 2010
CLIMATE RECORD PERIOD 1888 TO 2018


WEATHER ITEM   OBSERVED TIME   RECORD YEAR NORMAL DEPARTURE LAST
                VALUE   (LST)  VALUE       VALUE  FROM      YEAR
                                                  NORMAL
..................................................................
TEMPERATURE (F)
 YESTERDAY
  MAXIMUM         83    138 PM  97    2005  78      5       72
  MINIMUM         44    521 AM  33    2001  46     -2       44
                                      1931
  AVERAGE         64                        62      2       58

PRECIPITATION (IN)
  YESTERDAY        0.00          1.01 1959   0.05  -0.05     0.04
  MONTH TO DATE    0.45                      1.03  -0.58     2.70
  SINCE MAR 1      1.00                      3.36  -2.36     7.84
  SINCE JAN 1      1.81                      4.01  -2.20     8.76

SNOWFALL (IN)
  YESTERDAY        0.0           0.2  2001   0.0    0.0      0.0
  MONTH TO DATE    T                         0.5   -0.5       T
  SINCE MAR 1      T                        10.0  -10.0     14.0
  SINCE JUL 1     13.7                      31.8  -18.1     28.2
  SNOW DEPTH       0

DEGREE DAYS
 HEATING
  YESTERDAY        1                         4     -3        7
  MONTH TO DATE   49                       141    -92      162
  SINCE MAR 1   1060                      1278   -218     1006
  SINCE JUL 1   4876                      5581   -705     4506

 COOLING
  YESTERDAY        0                         1     -1        0
  MONTH TO DATE   55                        12     43        4
  SINCE MAR 1     61                        14     47        4
  SINCE JAN 1     61                        14     47        4
..................................................................


WIND (MPH)
  HIGHEST WIND SPEED    36   HIGHEST WIND DIRECTION     S (200)
  HIGHEST GUST SPEED    46   HIGHEST GUST DIRECTION     S (200)
  AVERAGE WIND SPEED     9.7


SKY COVER
  POSSIBLE SUNSHINE  MM
  AVERAGE SKY COVER 0.0


WEATHER CONDITIONS
 THE FOLLOWING WEATHER WAS RECORDED YESTERDAY.
  NO SIGNIFICANT WEATHER WAS OBSERVED.


RELATIVE HUMIDITY (PERCENT)
 HIGHEST    83           500 AM
 LOWEST     21           100 PM
 AVERAGE    52

..........................................................


THE PUEBLO CO CLIMATE NORMALS FOR TODAY
                         NORMAL    RECORD    YEAR
 MAXIMUM TEMPERATURE (F)   79        95      2012
 MINIMUM TEMPERATURE (F)   46        32      1931


SUNRISE AND SUNSET
MAY 22 2018...........SUNRISE   542 AM MDT   SUNSET   808 PM MDT
MAY 23 2018...........SUNRISE   541 AM MDT   SUNSET   809 PM MDT


-  INDICATES NEGATIVE NUMBERS.
R  INDICATES RECORD WAS SET OR TIED.
MM INDICATES DATA IS MISSING.
T  INDICATES TRACE AMOUNT.




$$
