643
CDUS41 KBOX 202147
CLIPVD


CLIMATE REPORT
NATIONAL WEATHER SERVICE BOSTON/NORTON MA
537 PM EDT FRI APR 20 2018


...................................

...THE PROVIDENCE RI CLIMATE SUMMARY FOR APRIL 20 2018...
VALID TODAY AS OF 0500 PM LOCAL TIME.

CLIMATE NORMAL PERIOD 1981 TO 2010
CLIMATE RECORD PERIOD 1904 TO 2018


WEATHER ITEM   OBSERVED TIME   RECORD YEAR NORMAL DEPARTURE LAST
                VALUE   (LST)  VALUE       VALUE  FROM      YEAR
                                                  NORMAL
..................................................................
TEMPERATURE (F)
 TODAY
  MAXIMUM         55    355 PM  89    1976  60     -5       63
  MINIMUM         34    500 AM  24    1926  41     -7       45
  AVERAGE         45                        51     -6       54

PRECIPITATION (IN)
  TODAY            0.00          0.97 2015   0.13  -0.13     0.04
  MONTH TO DATE    3.53                      3.05   0.48     3.93
  SINCE MAR 1      8.38                      8.06   0.32     7.78
  SINCE JAN 1     20.32                     15.21   5.11    14.96

SNOWFALL (IN)
  TODAY            0.0           T    1983   0.1   -0.1      0.0
  MONTH TO DATE    3.6                       0.6    3.0       T
  SINCE MAR 1     16.7                       6.1   10.6      7.7
  SINCE JUL 1     50.6                      33.8   16.8     45.9
  SNOW DEPTH       0

DEGREE DAYS
 HEATING
  TODAY           20                        14      6       11
  MONTH TO DATE  444                       352     92      282
  SINCE MAR 1   1254                      1161     93     1202
  SINCE JUL 1   4917                      5223   -306     4760

 COOLING
  TODAY            0                         0      0        0
  MONTH TO DATE    0                         0      0        7
  SINCE MAR 1      0                         0      0        7
  SINCE JAN 1      0                         0      0        7
..................................................................


WIND (MPH)
  HIGHEST WIND SPEED    22   HIGHEST WIND DIRECTION    NW (330)
  HIGHEST GUST SPEED    32   HIGHEST GUST DIRECTION    NW (300)
  AVERAGE WIND SPEED    13.7


SKY COVER
  POSSIBLE SUNSHINE  MM
  AVERAGE SKY COVER 0.4


WEATHER CONDITIONS
 THE FOLLOWING WEATHER WAS RECORDED TODAY.
  NO SIGNIFICANT WEATHER WAS OBSERVED.


RELATIVE HUMIDITY (PERCENT)
 HIGHEST    76           100 AM
 LOWEST     32           400 PM
 AVERAGE    54

..........................................................


THE PROVIDENCE RI CLIMATE NORMALS FOR TOMORROW
                         NORMAL    RECORD    YEAR
 MAXIMUM TEMPERATURE (F)   61        87      1957
 MINIMUM TEMPERATURE (F)   41        27      1908
                                             1907


SUNRISE AND SUNSET
APRIL 20 2018.........SUNRISE   558 AM EDT   SUNSET   732 PM EDT
APRIL 21 2018.........SUNRISE   556 AM EDT   SUNSET   733 PM EDT


-  INDICATES NEGATIVE NUMBERS.
R  INDICATES RECORD WAS SET OR TIED.
MM INDICATES DATA IS MISSING.
T  INDICATES TRACE AMOUNT.




$$
