000
CDUS43 KLOT 230643
CLIPWK


CLIMATE REPORT
NATIONAL WEATHER SERVICE CHICAGO IL
142 AM CDT MON APR 23 2018


...................................

...THE CHICAGO EXECUTIVE CLIMATE SUMMARY FOR APRIL 22 2018...

CLIMATE NORMAL PERIOD 1981 TO 2010
CLIMATE RECORD PERIOD 1996 TO 2018


WEATHER ITEM   OBSERVED TIME   RECORD YEAR NORMAL DEPARTURE LAST
                VALUE   (LST)  VALUE       VALUE  FROM      YEAR
                                                  NORMAL
..................................................................
TEMPERATURE (F)
 YESTERDAY
  MAXIMUM         59    353 PM  82    2007  60     -1       58
  MINIMUM         41    146 AM  32    2015  40      1       39
                                      2000
  AVERAGE         50                        50      0       49

PRECIPITATION (IN)
  YESTERDAY        0.00          1.49 1999   0.10  -0.10     0.00
  MONTH TO DATE    2.57                      1.89   0.68     3.35
  SINCE MAR 1      3.81                      4.14  -0.33     6.56
  SINCE JAN 1      6.97                      6.72   0.25    10.01

DEGREE DAYS
 HEATING
  YESTERDAY       15                        15      0       16
  MONTH TO DATE  595                       413    182      294
  SINCE MAR 1   1487                      1266    221     1136
  SINCE JUL 1   5949                      6004    -55     5125

 COOLING
  YESTERDAY        0                         0      0        0
  MONTH TO DATE    0                         0      0        6
  SINCE MAR 1      0                         0      0        6
  SINCE JAN 1      0                         0      0        6
..................................................................


WIND (MPH)
  RESULTANT WIND SPEED   6   RESULTANT WIND DIRECTION  NE (60)
  HIGHEST WIND SPEED    16   HIGHEST WIND DIRECTION    NE (50)
  HIGHEST GUST SPEED    20   HIGHEST GUST DIRECTION    NE (50)
  AVERAGE WIND SPEED     6.7



WEATHER CONDITIONS
 THE FOLLOWING WEATHER WAS RECORDED YESTERDAY.
  NO SIGNIFICANT WEATHER WAS OBSERVED.


..........................................................


THE CHICAGO EXECUTIVE CLIMATE NORMALS FOR TODAY
                         NORMAL    RECORD    YEAR
 MAXIMUM TEMPERATURE (F)   61        72      2008
                                             2001
                                             1998
 MINIMUM TEMPERATURE (F)   40        28      2015


SUNRISE AND SUNSET
APRIL 23 2018.........SUNRISE   559 AM CDT   SUNSET   742 PM CDT
APRIL 24 2018.........SUNRISE   557 AM CDT   SUNSET   743 PM CDT


-  INDICATES NEGATIVE NUMBERS.
R  INDICATES RECORD WAS SET OR TIED.
MM INDICATES DATA IS MISSING.
T  INDICATES TRACE AMOUNT.




$$
