672
CDUS46 KMFR 270836
CLIRBG


CLIMATE REPORT
NATIONAL WEATHER SERVICE MEDFORD, OR
136 AM PDT SUN MAY 27 2018


...................................

...THE ROSEBURG OR CLIMATE SUMMARY FOR MAY 26 2018...

CLIMATE NORMAL PERIOD 1981 TO 2010
CLIMATE RECORD PERIOD 1931 TO 2018


WEATHER ITEM   OBSERVED TIME   RECORD YEAR NORMAL DEPARTURE LAST
                VALUE   (LST)  VALUE       VALUE  FROM      YEAR
                                                  NORMAL
..................................................................
TEMPERATURE (F)
 YESTERDAY
  MAXIMUM         68    548 PM  95    2005  72     -4       85
  MINIMUM         44    227 AM  37    1954  49     -5       49
  AVERAGE         56                        60     -4       67

PRECIPITATION (IN)
  YESTERDAY        0.00          0.79 1960   0.07  -0.07     0.00
  MONTH TO DATE    0.27                      1.96  -1.69     1.14
  SINCE OCT 1     21.04                     32.97 -11.93    41.55
  SINCE JAN 1     12.67                     17.32  -4.65    22.63

SNOWFALL (IN)
  YESTERDAY       MM                        MM     MM       MM
  MONTH TO DATE    0.0                      MM     MM       MM
  SINCE JUL 1      0.0                      MM     MM       MM
  SNOW DEPTH      MM

DEGREE DAYS
 HEATING
  YESTERDAY        9                         6      3        0
  MONTH TO DATE   79                       193   -114      152
  SINCE MAR 1    947                      1088   -141      965
  SINCE JUL 1   3701                      3957   -256     3681

 COOLING
  YESTERDAY        0                         1     -1        2
  MONTH TO DATE   16                        14      2       38
  SINCE MAR 1     22                        15      7       38
  SINCE JAN 1     22                        15      7       38
..................................................................


WIND (MPH)
  RESULTANT WIND SPEED   2   RESULTANT WIND DIRECTION   N (10)
  HIGHEST WIND SPEED    15   HIGHEST WIND DIRECTION     N (10)
  HIGHEST GUST SPEED    19   HIGHEST GUST DIRECTION     N (10)
  AVERAGE WIND SPEED     3.7


SKY COVER
  POSSIBLE SUNSHINE  MM
  AVERAGE SKY COVER 0.7


WEATHER CONDITIONS
 THE FOLLOWING WEATHER WAS RECORDED YESTERDAY.
  NO SIGNIFICANT WEATHER WAS OBSERVED.


RELATIVE HUMIDITY (PERCENT)
 HIGHEST    86           400 AM
 LOWEST     42           400 PM
 AVERAGE    64

..........................................................


THE ROSEBURG OR CLIMATE NORMALS FOR TODAY
                         NORMAL    RECORD    YEAR
 MAXIMUM TEMPERATURE (F)   72        90      2017
                                             2005
 MINIMUM TEMPERATURE (F)   49        32      1954


SUNRISE AND SUNSET
MAY 27 2018...........SUNRISE   539 AM PDT   SUNSET   843 PM PDT
MAY 28 2018...........SUNRISE   539 AM PDT   SUNSET   844 PM PDT


-  INDICATES NEGATIVE NUMBERS.
R  INDICATES RECORD WAS SET OR TIED.
MM INDICATES DATA IS MISSING.
T  INDICATES TRACE AMOUNT.




$$
