000
CDUS42 KRAH 210726
CLIRDU


CLIMATE REPORT
NATIONAL WEATHER SERVICE RALEIGH NC
324 AM EDT MON MAY 21 2018


...................................

...THE RALEIGH-DURHAM INTL AIRPORT NC CLIMATE SUMMARY FOR MAY 20 2018...

CLIMATE NORMAL PERIOD 1981 TO 2010
CLIMATE RECORD PERIOD 1887 TO 2018


WEATHER ITEM   OBSERVED TIME   RECORD YEAR NORMAL DEPARTURE LAST
                VALUE   (LST)  VALUE       VALUE  FROM      YEAR
                                                  NORMAL
..................................................................
TEMPERATURE (F)
 YESTERDAY
  MAXIMUM         86    337 PM  94    1938  81      5       90
  MINIMUM         69    505 AM  39    2002  58     11       67
  AVERAGE         78                        69      9       79

PRECIPITATION (IN)
  YESTERDAY        0.00          1.70 1935   0.11  -0.11     0.00
  MONTH TO DATE    2.63                      1.98   0.65     3.32
  SINCE MAR 1     12.78                      9.01   3.77    15.11
  SINCE JAN 1     18.40                     15.74   2.66    19.54

DEGREE DAYS
 HEATING
  YESTERDAY        0                         1     -1        0
  MONTH TO DATE    1                        44    -43       45
  SINCE MAR 1    831                       661    170      533
  SINCE JUL 1   3344                      3233    111     2506

 COOLING
  YESTERDAY       13                         5      8       14
  MONTH TO DATE  164                        76     88      103
  SINCE MAR 1    181                       136     45      247
  SINCE JAN 1    203                       137     66      255
..................................................................


WIND (MPH)
  HIGHEST WIND SPEED    15   HIGHEST WIND DIRECTION    SW (230)
  HIGHEST GUST SPEED    19   HIGHEST GUST DIRECTION    SW (210)
  AVERAGE WIND SPEED     8.1


SKY COVER
  POSSIBLE SUNSHINE  MM
  AVERAGE SKY COVER 0.9


WEATHER CONDITIONS
 THE FOLLOWING WEATHER WAS RECORDED YESTERDAY.
  NO SIGNIFICANT WEATHER WAS OBSERVED.


RELATIVE HUMIDITY (PERCENT)
 HIGHEST   100          1200 AM
 LOWEST     65           200 PM
 AVERAGE    83

..........................................................


THE RALEIGH-DURHAM INTL AIRPORT NC CLIMATE NORMALS FOR TODAY
                         NORMAL    RECORD    YEAR
 MAXIMUM TEMPERATURE (F)   81        96      1941
 MINIMUM TEMPERATURE (F)   58        44      1994
                                             1968


SUNRISE AND SUNSET
MAY 21 2018...........SUNRISE   605 AM EDT   SUNSET   818 PM EDT
MAY 22 2018...........SUNRISE   605 AM EDT   SUNSET   819 PM EDT


-  INDICATES NEGATIVE NUMBERS.
R  INDICATES RECORD WAS SET OR TIED.
MM INDICATES DATA IS MISSING.
T  INDICATES TRACE AMOUNT.

&&

CLIMATE REPORT
NWS FORECAST OFFICE
NCSU CENTENNIAL CAMPUS
RALEIGH NC

MAXIMUM TEMPERATURE...84

MINIMUM TEMPERATURE...68

PRECIPITATION...0.00


$$
