022
CDUS41 KAKQ 240535
CLIRIC


CLIMATE REPORT
NATIONAL WEATHER SERVICE WAKEFIELD, VA
135 AM EDT TUE APR 24 2018


...................................

...THE RICHMOND VA CLIMATE SUMMARY FOR APRIL 23 2018...

CLIMATE NORMAL PERIOD 1981 TO 2010
CLIMATE RECORD PERIOD 1871 TO 2018


WEATHER ITEM   OBSERVED TIME   RECORD YEAR NORMAL DEPARTURE LAST
                VALUE   (LST)  VALUE       VALUE  FROM      YEAR
                                                  NORMAL
..................................................................
TEMPERATURE (F)
 YESTERDAY
  MAXIMUM         70    131 PM  95    1985  73     -3       58
  MINIMUM         44    527 AM  31    1940  48     -4       51
  AVERAGE         57                        60     -3       55

PRECIPITATION (IN)
  YESTERDAY        0.00          1.80 1892   0.11  -0.11     0.15
  MONTH TO DATE    1.98                      2.52  -0.54     1.46
  SINCE MAR 1      4.31                      6.56  -2.25     5.14
  SINCE JAN 1      9.76                     12.36  -2.60    10.14

SNOWFALL (IN)
  YESTERDAY        0.0           0.0  2002   0.0    0.0
  MONTH TO DATE    T                         0.1   -0.1
  SINCE NOV 1     12.4                      10.3    2.1
  SINCE JUL 1     12.4                      10.3    2.1
  SNOW DEPTH       0

DEGREE DAYS
 HEATING
  YESTERDAY        8                         6      2       10
  MONTH TO DATE  253                       203     50       98
  SINCE MAR 1    906                       719    187      591
  SINCE JUL 1   3670                      3655     15     3073

 COOLING
  YESTERDAY        0                         2     -2        0
  MONTH TO DATE   19                        24     -5       48
  SINCE MAR 1     22                        30     -8       56
  SINCE JAN 1     28                        30     -2       56
..................................................................


WIND (MPH)
  HIGHEST WIND SPEED    23   HIGHEST WIND DIRECTION    SE (120)
  HIGHEST GUST SPEED    30   HIGHEST GUST DIRECTION    SE (140)
  AVERAGE WIND SPEED    10.4


SKY COVER
  POSSIBLE SUNSHINE  MM
  AVERAGE SKY COVER 0.9


WEATHER CONDITIONS
 THE FOLLOWING WEATHER WAS RECORDED YESTERDAY.
  NO SIGNIFICANT WEATHER WAS OBSERVED.


RELATIVE HUMIDITY (PERCENT)
 HIGHEST    92           500 AM
 LOWEST     37           100 PM
 AVERAGE    65

..........................................................


THE RICHMOND VA CLIMATE NORMALS FOR TODAY
                         NORMAL    RECORD    YEAR
 MAXIMUM TEMPERATURE (F)   73        94      1925
 MINIMUM TEMPERATURE (F)   49        30      1930


SUNRISE AND SUNSET
APRIL 24 2018.........SUNRISE   623 AM EDT   SUNSET   753 PM EDT
APRIL 25 2018.........SUNRISE   621 AM EDT   SUNSET   754 PM EDT


-  INDICATES NEGATIVE NUMBERS.
R  INDICATES RECORD WAS SET OR TIED.
MM INDICATES DATA IS MISSING.
T  INDICATES TRACE AMOUNT.




$$
