483
CDUS46 KSGX 211132
CLIRNM


CLIMATE REPORT
NATIONAL WEATHER SERVICE SAN DIEGO, CA
432 AM PDT MON MAY 21 2018


...................................

...THE RAMONA AIRPORT CA CLIMATE SUMMARY FOR MAY 20 2018...

CLIMATE NORMAL PERIOD 1981 TO 2010
CLIMATE RECORD PERIOD 1974 TO 2018


WEATHER ITEM   OBSERVED TIME   RECORD YEAR NORMAL DEPARTURE LAST
                VALUE   (LST)  VALUE       VALUE  FROM      YEAR
                                                  NORMAL
..................................................................
TEMPERATURE (F)
 YESTERDAY
  MAXIMUM         72    114 PM  94    2017  76     -4       94
                                      1988
  MINIMUM         55   1159 PM  30    1974  48      7       46
  AVERAGE         64                        62      2       70

PRECIPITATION (IN)
  YESTERDAY        0.00          0.13 1975   0.01  -0.01     0.00
  MONTH TO DATE    0.17                      0.29  -0.12     1.14
  SINCE OCT 1      5.79                     15.34  -9.55    22.72
  SINCE JAN 1      5.75                     11.20  -5.45    15.70

DEGREE DAYS
 HEATING
  YESTERDAY        1                         4     -3        0
  MONTH TO DATE   81                        99    -18       90
  SINCE MAR 1    566                       750   -184      464
  SINCE JUL 1   1684                      2491   -807     1899

 COOLING
  YESTERDAY        0                         1     -1        5
  MONTH TO DATE   21                         8     13       17
  SINCE MAR 1     31                        12     19       29
  SINCE JAN 1     47                        13     34       29
..................................................................


WIND (MPH)
  RESULTANT WIND SPEED   6   RESULTANT WIND DIRECTION   W (280)
  HIGHEST WIND SPEED    15   HIGHEST WIND DIRECTION     W (270)
  HIGHEST GUST SPEED    21   HIGHEST GUST DIRECTION     W (260)
  AVERAGE WIND SPEED     6.8


SKY COVER
  POSSIBLE SUNSHINE  MM
  AVERAGE SKY COVER 0.8


WEATHER CONDITIONS
 THE FOLLOWING WEATHER WAS RECORDED YESTERDAY.
  FOG


RELATIVE HUMIDITY (PERCENT)
 HIGHEST   100          1000 PM
 LOWEST     57          1200 PM
 AVERAGE    79

..........................................................


THE RAMONA AIRPORT CA CLIMATE NORMALS FOR TODAY
                         NORMAL    RECORD    YEAR
 MAXIMUM TEMPERATURE (F)   76        92      2005
 MINIMUM TEMPERATURE (F)   48        29      1974


SUNRISE AND SUNSET
MAY 21 2018...........SUNRISE   544 AM PDT   SUNSET   744 PM PDT
MAY 22 2018...........SUNRISE   544 AM PDT   SUNSET   745 PM PDT


-  INDICATES NEGATIVE NUMBERS.
R  INDICATES RECORD WAS SET OR TIED.
MM INDICATES DATA IS MISSING.
T  INDICATES TRACE AMOUNT.




$$
