507
CDUS45 KREV 240102
CLIRNO


CLIMATE REPORT
NATIONAL WEATHER SERVICE RENO NV
602 PM PDT MON APR 23 2018


...................................

...THE RENO-TAHOE INTL AIRPORT NV CLIMATE SUMMARY FOR APRIL 23 2018...
VALID TODAY AS OF 0500 PM LOCAL TIME.

CLIMATE NORMAL PERIOD 1981 TO 2010
CLIMATE RECORD PERIOD 1888 TO 2018


WEATHER ITEM   OBSERVED TIME   RECORD YEAR NORMAL DEPARTURE LAST
                VALUE   (LST)  VALUE       VALUE  FROM      YEAR
                                                  NORMAL
..................................................................
TEMPERATURE (F)
 TODAY
  MAXIMUM         74    324 PM  84    1910  66      8       70
  MINIMUM         44    549 AM  19    1963  39      5       41
                                      1958
  AVERAGE         59                        53      6       56

PRECIPITATION (IN)
  TODAY            0.00          0.14 1971   0.02  -0.02     0.00
  MONTH TO DATE    0.51                      0.36   0.15     0.65
  SINCE OCT 1      5.30                      5.53  -0.23    14.30
  SINCE JAN 1      3.73                      3.17   0.56    10.51

SNOWFALL (IN)
  TODAY            0.0           9.4  1931   0.0    0.0      0.0
  MONTH TO DATE    0.2                       0.4   -0.2       T
  SINCE MAR 1     20.1                       2.4   17.7      2.9
  SINCE JUL 1     24.9                      21.4    3.5     27.0
  SNOW DEPTH       0

DEGREE DAYS
 HEATING
  TODAY            6                        13     -7        9
  MONTH TO DATE  287                       347    -60      314
  SINCE MAR 1    978                       945     33      815
  SINCE JUL 1   4245                      4583   -338     4188

 COOLING
  TODAY            0                         0      0        0
  MONTH TO DATE    0                         0      0        0
  SINCE MAR 1      0                         0      0        0
  SINCE JAN 1      0                         0      0        0
..................................................................


WIND (MPH)
  RESULTANT WIND SPEED   1   RESULTANT WIND DIRECTION   N (350)
  HIGHEST WIND SPEED    14   HIGHEST WIND DIRECTION     E (80)
  HIGHEST GUST SPEED    18   HIGHEST GUST DIRECTION    NE (40)
  AVERAGE WIND SPEED     4.3



WEATHER CONDITIONS
 THE FOLLOWING WEATHER WAS RECORDED TODAY.
  NO SIGNIFICANT WEATHER WAS OBSERVED.


RELATIVE HUMIDITY (PERCENT)
 HIGHEST    53           500 AM
 LOWEST     14           400 PM
 AVERAGE    34

..........................................................


THE RENO-TAHOE INTL AIRPORT NV CLIMATE NORMALS FOR TOMORROW
                         NORMAL    RECORD    YEAR
 MAXIMUM TEMPERATURE (F)   66        87      1946
 MINIMUM TEMPERATURE (F)   40        18      1958


SUNRISE AND SUNSET
APRIL 23 2018.........SUNRISE   610 AM PDT   SUNSET   745 PM PDT
APRIL 24 2018.........SUNRISE   609 AM PDT   SUNSET   746 PM PDT


-  INDICATES NEGATIVE NUMBERS.
R  INDICATES RECORD WAS SET OR TIED.
MM INDICATES DATA IS MISSING.
T  INDICATES TRACE AMOUNT.




$$
