817
CDUS42 KCHS 272103
CLISAV


CLIMATE REPORT
NATIONAL WEATHER SERVICE CHARLESTON SC
503 PM EDT SUN MAY 27 2018


...................................

...THE SAVANNAH GA CLIMATE SUMMARY FOR MAY 27 2018...
VALID TODAY AS OF 0500 PM LOCAL TIME.

CLIMATE NORMAL PERIOD 1981 TO 2010
CLIMATE RECORD PERIOD 1871 TO 2018


WEATHER ITEM   OBSERVED TIME   RECORD YEAR NORMAL DEPARTURE LAST
                VALUE   (LST)  VALUE       VALUE  FROM      YEAR
                                                  NORMAL
..................................................................
TEMPERATURE (F)
 TODAY
  MAXIMUM         85   1126 AM  98    1989  87     -2       93
                                      1962
  MINIMUM         71    347 AM  53    1961  66      5       63
  AVERAGE         78                        76      2       78

PRECIPITATION (IN)
  TODAY            0.05          1.25 1996   0.12  -0.07     0.00
  MONTH TO DATE    3.76                      2.47   1.29    11.41
  SINCE MAR 1      9.31                      9.27   0.04    14.79
  SINCE JAN 1     12.14                     15.75  -3.61    23.62

DEGREE DAYS
 HEATING
  TODAY            0                         0      0        0
  MONTH TO DATE    0                         6     -6        1
  SINCE MAR 1    332                       292     40      213
  SINCE JUL 1   1607                      1809   -202     1023

 COOLING
  TODAY           13                        11      2       13
  MONTH TO DATE  298                       220     78      266
  SINCE MAR 1    403                       346     57      548
  SINCE JAN 1    485                       356    129      606
..................................................................


WIND (MPH)
  HIGHEST WIND SPEED    23   HIGHEST WIND DIRECTION     E (110)
  HIGHEST GUST SPEED    28   HIGHEST GUST DIRECTION     E (110)
  AVERAGE WIND SPEED     9.7


SKY COVER
  POSSIBLE SUNSHINE  MM
  AVERAGE SKY COVER 0.6


WEATHER CONDITIONS
 THE FOLLOWING WEATHER WAS RECORDED TODAY.
  RAIN
  LIGHT RAIN
  FOG


RELATIVE HUMIDITY (PERCENT)
 HIGHEST    94           300 PM
 LOWEST     63          1100 AM
 AVERAGE    79

..........................................................


THE SAVANNAH GA CLIMATE NORMALS FOR TOMORROW
                         NORMAL    RECORD    YEAR
 MAXIMUM TEMPERATURE (F)   87        96      1964
                                             1898
 MINIMUM TEMPERATURE (F)   66        48      1961


SUNRISE AND SUNSET
MAY 27 2018...........SUNRISE   621 AM EDT   SUNSET   823 PM EDT
MAY 28 2018...........SUNRISE   620 AM EDT   SUNSET   824 PM EDT


-  INDICATES NEGATIVE NUMBERS.
R  INDICATES RECORD WAS SET OR TIED.
MM INDICATES DATA IS MISSING.
T  INDICATES TRACE AMOUNT.




$$
