000
CDUS43 KIWX 220538
CLISBN


CLIMATE REPORT
NATIONAL WEATHER SERVICE NORTHERN INDIANA
137 AM EDT SUN APR 22 2018


...................................

...THE SOUTH BEND CLIMATE SUMMARY FOR APRIL 21 2018...

CLIMATE NORMAL PERIOD 1981 TO 2010
CLIMATE RECORD PERIOD 1893 TO 2018


WEATHER ITEM   OBSERVED TIME   RECORD YEAR NORMAL DEPARTURE LAST
                VALUE   (LST)  VALUE       VALUE  FROM      YEAR
                                                  NORMAL
..................................................................
TEMPERATURE (F)
 YESTERDAY
  MAXIMUM         56    303 PM  84    1985  62     -6       51
  MINIMUM         29    523 AM  22    1904  41    -12       37
  AVERAGE         43                        51     -8       44

PRECIPITATION (IN)
  YESTERDAY        0.00          1.91 1905   0.11  -0.11     0.00
  MONTH TO DATE    2.92                      2.23   0.69     2.02
  SINCE MAR 1      4.70                      4.65   0.05     6.25
  SINCE JAN 1     14.71                      8.89   5.82    13.24

SNOWFALL (IN)
  YESTERDAY        0.0           0.5  1936   0.0    0.0      0.0
  MONTH TO DATE    1.5                       1.3    0.2      0.6
  SINCE MAR 1      9.1                       8.4    0.7      8.5
  SINCE JUL 1     93.1                      66.5   26.6     42.2
  SNOW DEPTH       0

DEGREE DAYS
 HEATING
  YESTERDAY       22                        14      8       21
  MONTH TO DATE  595                       375    220      296
  SINCE MAR 1   1542                      1230    312     1158
  SINCE JUL 1   6235                      5919    316     5135

 COOLING
  YESTERDAY        0                         0      0        0
  MONTH TO DATE    0                         0      0        4
  SINCE MAR 1      0                         1     -1        4
  SINCE JAN 1      0                         1     -1        4
..................................................................


WIND (MPH)
  HIGHEST WIND SPEED     9   HIGHEST WIND DIRECTION     W (250)
  HIGHEST GUST SPEED    12   HIGHEST GUST DIRECTION     W (250)
  AVERAGE WIND SPEED     2.8


SKY COVER
  AVERAGE SKY COVER 0.2


WEATHER CONDITIONS
 THE FOLLOWING WEATHER WAS RECORDED YESTERDAY.
  NO SIGNIFICANT WEATHER WAS OBSERVED.


RELATIVE HUMIDITY (PERCENT)
 HIGHEST    69           400 AM
 LOWEST     27           300 PM
 AVERAGE    48

..........................................................


THE SOUTH BEND CLIMATE NORMALS FOR TODAY
                         NORMAL    RECORD    YEAR
 MAXIMUM TEMPERATURE (F)   62        89      1980
 MINIMUM TEMPERATURE (F)   41        20      1936


SUNRISE AND SUNSET
APRIL 22 2018.........SUNRISE   655 AM EDT   SUNSET   834 PM EDT
APRIL 23 2018.........SUNRISE   653 AM EDT   SUNSET   835 PM EDT


-  INDICATES NEGATIVE NUMBERS.
R  INDICATES RECORD WAS SET OR TIED.
MM INDICATES DATA IS MISSING.
T  INDICATES TRACE AMOUNT.




$$
