000
CDUS44 KSHV 202145
CLISHV


CLIMATE REPORT
NATIONAL WEATHER SERVICE SHREVEPORT, LA
444 PM CDT FRI APR 20 2018


...................................

...THE SHREVEPORT CLIMATE SUMMARY FOR APRIL 20 2018...
VALID TODAY AS OF 0400 PM LOCAL TIME.

CLIMATE NORMAL PERIOD 1981 TO 2010
CLIMATE RECORD PERIOD 1874 TO 2018


WEATHER ITEM   OBSERVED TIME   RECORD YEAR NORMAL DEPARTURE LAST
                VALUE   (LST)  VALUE       VALUE  FROM      YEAR
                                                  NORMAL
..................................................................
TEMPERATURE (F)
 TODAY
  MAXIMUM         68    259 PM  94    1987  78    -10       86
  MINIMUM         45    609 AM  38    2013  55    -10       66
  AVERAGE         57                        66     -9       76

PRECIPITATION (IN)
  TODAY            0.00          2.98 1892   0.14  -0.14     0.00
  MONTH TO DATE    3.49                      2.76   0.73     3.18
  SINCE DEC 1     24.90                     20.62   4.28    11.91
  SINCE JAN 1     20.78                     15.85   4.93     8.77

SNOWFALL (IN)
  TODAY            0.0
  MONTH TO DATE    T
  SINCE MAR 1      T
  SINCE JUL 1      1.8
  SNOW DEPTH       0

DEGREE DAYS
 HEATING
  TODAY            8                         2      6        0
  MONTH TO DATE  115                        72     43       17
  SINCE MAR 1    257                       323    -66      151
  SINCE JUL 1   2017                      2205   -188     1182

 COOLING
  TODAY            0                         3     -3       11
  MONTH TO DATE   36                        51    -15      111
  SINCE MAR 1     98                        82     16      212
  SINCE JAN 1    136                        92     44      282
..................................................................


WIND (MPH)
  HIGHEST WIND SPEED    17   HIGHEST WIND DIRECTION    NE (60)
  HIGHEST GUST SPEED    23   HIGHEST GUST DIRECTION     E (70)
  AVERAGE WIND SPEED     9.5


SKY COVER
  POSSIBLE SUNSHINE  MM
  AVERAGE SKY COVER 0.6


WEATHER CONDITIONS
 THE FOLLOWING WEATHER WAS RECORDED TODAY.
  NO SIGNIFICANT WEATHER WAS OBSERVED.


RELATIVE HUMIDITY (PERCENT)
 HIGHEST    76           600 AM
 LOWEST     39           300 PM
 AVERAGE    58

..........................................................


THE SHREVEPORT CLIMATE NORMALS FOR TOMORROW
                         NORMAL    RECORD    YEAR
 MAXIMUM TEMPERATURE (F)   78        91      1925
 MINIMUM TEMPERATURE (F)   55        40      1918


SUNRISE AND SUNSET
APRIL 20 2018.........SUNRISE   640 AM CDT   SUNSET   749 PM CDT
APRIL 21 2018.........SUNRISE   639 AM CDT   SUNSET   749 PM CDT


-  INDICATES NEGATIVE NUMBERS.
R  INDICATES RECORD WAS SET OR TIED.
MM INDICATES DATA IS MISSING.
T  INDICATES TRACE AMOUNT.




$$
