000
CDUS46 KMFR 230037
CLISIY


CLIMATE REPORT
NATIONAL WEATHER SERVICE MEDFORD, OR
537 PM PDT TUE MAY 22 2018


...................................

...THE MONTAGUE CA CLIMATE SUMMARY FOR MAY 22 2018...
VALID TODAY AS OF 0500 PM LOCAL TIME.

CLIMATE NORMAL PERIOD 1981 TO 2010
CLIMATE RECORD PERIOD 1948 TO 2018


WEATHER ITEM   OBSERVED TIME   RECORD YEAR NORMAL DEPARTURE LAST
                VALUE   (LST)  VALUE       VALUE  FROM      YEAR
                                                  NORMAL
..................................................................
TEMPERATURE (F)
 TODAY
  MAXIMUM         86    356 PM  95    2001  74     12       90
  MINIMUM         44    428 AM  25    2013  42      2       44
  AVERAGE         65                        58      7       67

PRECIPITATION (IN)
  TODAY            0.00          0.46 1990   0.04  -0.04     0.00
  MONTH TO DATE    0.54                      1.21  -0.67     0.49
  SINCE OCT 1      7.28                     16.12  -8.84    15.39
  SINCE JAN 1      5.01                      9.29  -4.28     7.18

SNOWFALL (IN)
  TODAY           MM                        MM     MM       MM
  MONTH TO DATE    0.0                      MM     MM       MM
  SINCE JUL 1      0.0                      MM     MM       MM
  SNOW DEPTH      MM

DEGREE DAYS
 HEATING
  TODAY            0                         8     -8        0
  MONTH TO DATE  111                       225   -114      233
  SINCE MAR 1   1283                      1446   -163     1407
  SINCE JUL 1   5099                      5323   -224     5304

 COOLING
  TODAY            0                         1     -1        2
  MONTH TO DATE    0                         7     -7        3
  SINCE MAR 1      0                         7     -7        3
  SINCE JAN 1      0                         7     -7        3
..................................................................


WIND (MPH)
  HIGHEST WIND SPEED    10   HIGHEST WIND DIRECTION     S (180)
  HIGHEST GUST SPEED    13   HIGHEST GUST DIRECTION     S (190)
  AVERAGE WIND SPEED     3.0


SKY COVER
  POSSIBLE SUNSHINE  MM
  AVERAGE SKY COVER 0.0


WEATHER CONDITIONS
 THE FOLLOWING WEATHER WAS RECORDED TODAY.
  NO SIGNIFICANT WEATHER WAS OBSERVED.


RELATIVE HUMIDITY (PERCENT)
 HIGHEST    86           300 AM
 LOWEST     15           400 PM

..........................................................


THE MONTAGUE CA CLIMATE NORMALS FOR TOMORROW
                         NORMAL    RECORD    YEAR
 MAXIMUM TEMPERATURE (F)   74        94      2001
 MINIMUM TEMPERATURE (F)   42        30      1980


SUNRISE AND SUNSET
MAY 22 2018...........SUNRISE   544 AM PDT   SUNSET   830 PM PDT
MAY 23 2018...........SUNRISE   543 AM PDT   SUNSET   831 PM PDT


-  INDICATES NEGATIVE NUMBERS.
R  INDICATES RECORD WAS SET OR TIED.
MM INDICATES DATA IS MISSING.
T  INDICATES TRACE AMOUNT.




$$
