000
CDUS46 KMTR 270026
CLISJC


CLIMATE REPORT
NATIONAL WEATHER SERVICE SAN FRANCISCO BAY AREA
525 PM PDT SAT MAY 26 2018


...................................

...THE SAN JOSE CA CLIMATE SUMMARY FOR MAY 26 2018...
VALID TODAY AS OF 0500 PM LOCAL TIME.

CLIMATE NORMAL PERIOD 1981 TO 2010
CLIMATE RECORD PERIOD 1893 TO 2018


WEATHER ITEM   OBSERVED TIME   RECORD YEAR NORMAL DEPARTURE LAST
                VALUE   (LST)  VALUE       VALUE  FROM      YEAR
                                                  NORMAL
..................................................................
TEMPERATURE (F)
 TODAY
  MAXIMUM         69    349 PM  95    1896  76     -7       69
  MINIMUM         55    659 AM  40    1897  54      1       56
  AVERAGE         62                        65     -3       63

PRECIPITATION (IN)
  TODAY            0.00          0.40 1946   0.01  -0.01     0.00
  MONTH TO DATE    T                         0.45  -0.45      T
  SINCE OCT 1      9.11                     15.44  -6.33    18.40
  SINCE JAN 1      7.54                     10.35  -2.81    14.02

SNOWFALL (IN)
  TODAY            0.0           0.0  1947
  MONTH TO DATE    0.0
  SINCE MAR 1      0.0
  SINCE JUL 1      0.0

DEGREE DAYS
 HEATING
  TODAY            3                         2      1        2
  MONTH TO DATE   66                        88    -22       53
  SINCE MAR 1    494                       560    -66      410
  SINCE JUL 1   1720                      2225   -505     1841

 COOLING
  TODAY            0                         2     -2        0
  MONTH TO DATE    4                        36    -32       69
  SINCE MAR 1     15                        53    -38       72
  SINCE JAN 1     15                        53    -38       72
..................................................................


WIND (MPH)
  RESULTANT WIND SPEED   5   RESULTANT WIND DIRECTION  NW (300)
  HIGHEST WIND SPEED    14   HIGHEST WIND DIRECTION     W (290)
  HIGHEST GUST SPEED    19   HIGHEST GUST DIRECTION    NW (310)
  AVERAGE WIND SPEED     6.4


SKY COVER
  POSSIBLE SUNSHINE  MM
  AVERAGE SKY COVER 0.8


WEATHER CONDITIONS
 THE FOLLOWING WEATHER WAS RECORDED TODAY.
  FOG


RELATIVE HUMIDITY (PERCENT)
 HIGHEST    86           500 AM
 LOWEST     53           200 PM
 AVERAGE    70

..........................................................


THE SAN JOSE CA CLIMATE NORMALS FOR TOMORROW
                         NORMAL    RECORD    YEAR
 MAXIMUM TEMPERATURE (F)   76       101      1984
 MINIMUM TEMPERATURE (F)   54        41      1900


SUNRISE AND SUNSET
MAY 26 2018...........SUNRISE   551 AM PDT   SUNSET   819 PM PDT
MAY 27 2018...........SUNRISE   551 AM PDT   SUNSET   819 PM PDT


-  INDICATES NEGATIVE NUMBERS.
R  INDICATES RECORD WAS SET OR TIED.
MM INDICATES DATA IS MISSING.
T  INDICATES TRACE AMOUNT.




$$
