000
CDUS45 KSLC 211229
CLISLC


CLIMATE REPORT
NATIONAL WEATHER SERVICE SALT LAKE CITY UT
629 AM MDT MON MAY 21 2018


...................................

...THE SALT LAKE CITY UT CLIMATE SUMMARY FOR MAY 20 2018...

CLIMATE NORMAL PERIOD 1981 TO 2010
CLIMATE RECORD PERIOD 1874 TO 2018


WEATHER ITEM   OBSERVED TIME   RECORD YEAR NORMAL DEPARTURE LAST
                VALUE   (LST)  VALUE       VALUE  FROM      YEAR
                                                  NORMAL
..................................................................
TEMPERATURE (F)
 YESTERDAY
  MAXIMUM         80   1221 PM  93    2008  73      7       71
  MINIMUM         56   1117 PM  33    1959  49      7       44
                                      1908
  AVERAGE         68                        61      7       58

PRECIPITATION (IN)
  YESTERDAY        0.05          1.00 1949   0.07  -0.02      T
  MONTH TO DATE    0.83                      1.33  -0.50     0.40
  SINCE OCT 1      9.33                     11.99  -2.66    15.43
  SINCE JAN 1      7.20                      7.61  -0.41    10.79

SNOWFALL (IN)
  YESTERDAY        0.0           T    1975   0.0    0.0      0.0
  MONTH TO DATE    0.0                       0.3   -0.3      0.1
  SINCE OCT 1     43.5                      56.2  -12.7     51.4
  SINCE JUL 1     43.5                      56.2  -12.7     51.4
  SNOW DEPTH       0

DEGREE DAYS
 HEATING
  YESTERDAY        0                         5     -5        7
  MONTH TO DATE   84                       158    -74      122
  SINCE MAR 1    963                      1258   -295     1009
  SINCE JUL 1   4499                      5514  -1015     4762

 COOLING
  YESTERDAY        3                         2      1        0
  MONTH TO DATE   38                        22     16       29
  SINCE MAR 1     49                        26     23       31
  SINCE JAN 1     49                        26     23       31
..................................................................


WIND (MPH)
  RESULTANT WIND SPEED   5   RESULTANT WIND DIRECTION  SE (150)
  HIGHEST WIND SPEED    35   HIGHEST WIND DIRECTION    SW (240)
  HIGHEST GUST SPEED    47   HIGHEST GUST DIRECTION     W (250)
  AVERAGE WIND SPEED     8.1


SKY COVER
  POSSIBLE SUNSHINE  MM
  AVERAGE SKY COVER 0.3


WEATHER CONDITIONS
 THE FOLLOWING WEATHER WAS RECORDED YESTERDAY.
  THUNDERSTORM
  LIGHT RAIN


RELATIVE HUMIDITY (PERCENT)
 HIGHEST    72          1100 PM
 LOWEST     19           100 PM
 AVERAGE    46

..........................................................


THE SALT LAKE CITY UT CLIMATE NORMALS FOR TODAY
                         NORMAL    RECORD    YEAR
 MAXIMUM TEMPERATURE (F)   74        94      2012
 MINIMUM TEMPERATURE (F)   49        33      1876


SUNRISE AND SUNSET
MAY 21 2018...........SUNRISE   605 AM MDT   SUNSET   844 PM MDT
MAY 22 2018...........SUNRISE   605 AM MDT   SUNSET   845 PM MDT


-  INDICATES NEGATIVE NUMBERS.
R  INDICATES RECORD WAS SET OR TIED.
MM INDICATES DATA IS MISSING.
T  INDICATES TRACE AMOUNT.




$$
