000
CDUS46 KPQR 191141
CLISLE


CLIMATE REPORT
NATIONAL WEATHER SERVICE PORTLAND OREGON
441 AM PDT THU APR 19 2018


...................................

...THE SALEM OR CLIMATE SUMMARY FOR APRIL 18 2018...

CLIMATE NORMAL PERIOD 1981 TO 2010
CLIMATE RECORD PERIOD 1892 TO 2018


WEATHER ITEM   OBSERVED TIME   RECORD YEAR NORMAL DEPARTURE LAST
                VALUE   (LST)  VALUE       VALUE  FROM      YEAR
                                                  NORMAL
..................................................................
TEMPERATURE (F)
 YESTERDAY
  MAXIMUM         60    248 PM  88    2016  61     -1       64
  MINIMUM         41    552 AM  27    1931  40      1       48
  AVERAGE         51                        50      1       56

PRECIPITATION (IN)
  YESTERDAY        0.00          0.65 1899   0.09  -0.09     0.12
  MONTH TO DATE    5.02                      1.83   3.19     2.04
  SINCE OCT 1     32.87                     32.73   0.14    51.84
  SINCE JAN 1     17.77                     16.34   1.43    28.54

DEGREE DAYS
 HEATING
  YESTERDAY       14                        15     -1        9
  MONTH TO DATE  261                       280    -19      270
  SINCE MAR 1    853                       843     10      789
  SINCE JUL 1   3778                      4083   -305     3947

 COOLING
  YESTERDAY        0                         0      0        0
  MONTH TO DATE    0                         0      0        0
  SINCE MAR 1      0                         0      0        0
  SINCE JAN 1      0                         0      0        0
..................................................................


WIND (MPH)
  HIGHEST WIND SPEED    15   HIGHEST WIND DIRECTION     E (70)
  HIGHEST GUST SPEED    19   HIGHEST GUST DIRECTION    NE (40)
  AVERAGE WIND SPEED     5.2


SKY COVER
  POSSIBLE SUNSHINE  MM
  AVERAGE SKY COVER 0.6


WEATHER CONDITIONS
 THE FOLLOWING WEATHER WAS RECORDED YESTERDAY.
  NO SIGNIFICANT WEATHER WAS OBSERVED.


RELATIVE HUMIDITY (PERCENT)
 HIGHEST    89          1200 AM
 LOWEST     47           200 PM
 AVERAGE    68

..........................................................


THE SALEM OR CLIMATE NORMALS FOR TODAY
                         NORMAL    RECORD    YEAR
 MAXIMUM TEMPERATURE (F)   62        85      2016
 MINIMUM TEMPERATURE (F)   40        26      1967


SUNRISE AND SUNSET
APRIL 19 2018.........SUNRISE   620 AM PDT   SUNSET   803 PM PDT
APRIL 20 2018.........SUNRISE   619 AM PDT   SUNSET   804 PM PDT


-  INDICATES NEGATIVE NUMBERS.
R  INDICATES RECORD WAS SET OR TIED.
MM INDICATES DATA IS MISSING.
T  INDICATES TRACE AMOUNT.




$$
