000
CDUS46 KLOX 270904
CLISMX


CLIMATE REPORT
NATIONAL WEATHER SERVICE LOS ANGELES/OXNARD CA
204 AM PDT SUN MAY 27 2018


...................................

...THE SANTA MARIA AIRPORT CA CLIMATE SUMMARY FOR MAY 26 2018...

CLIMATE NORMAL PERIOD 1981 TO 2010
CLIMATE RECORD PERIOD 1906 TO 2018


WEATHER ITEM   OBSERVED TIME   RECORD YEAR NORMAL DEPARTURE LAST
                VALUE   (LST)  VALUE       VALUE  FROM      YEAR
                                                  NORMAL
..................................................................
TEMPERATURE (F)
 YESTERDAY
  MAXIMUM         66    119 PM  84    1974  69     -3       67
  MINIMUM         52   1052 PM  36    1929  48      4       51
  AVERAGE         59                        59      0       59

PRECIPITATION (IN)
  YESTERDAY        0.00          0.25 1934   0.01  -0.01     0.00
  MONTH TO DATE    T                         0.29  -0.29     0.34
  SINCE OCT 1      6.01                     13.70  -7.69    18.44
  SINCE JAN 1      5.89                      9.65  -3.76    13.64

SNOWFALL (IN)
  YESTERDAY        0.0
  MONTH TO DATE    0.0
  SINCE MAR 1      0.0
  SINCE JUL 1      0.0

DEGREE DAYS
 HEATING
  YESTERDAY        6                         7     -1
  MONTH TO DATE  160                       192    -32
  SINCE MAR 1    682                       818   -136
  SINCE JUL 1   1798                      2651   -853

 COOLING
  YESTERDAY        0                         0      0
  MONTH TO DATE    0                         0      0
  SINCE MAR 1      7                         5      2
  SINCE JAN 1      7                         6      1
..................................................................


WIND (MPH)
  HIGHEST WIND SPEED    30   HIGHEST WIND DIRECTION    NW (300)
  HIGHEST GUST SPEED    36   HIGHEST GUST DIRECTION    NW (300)
  AVERAGE WIND SPEED    13.3


SKY COVER
  POSSIBLE SUNSHINE  MM
  AVERAGE SKY COVER 0.6


WEATHER CONDITIONS
 THE FOLLOWING WEATHER WAS RECORDED YESTERDAY.
  NO SIGNIFICANT WEATHER WAS OBSERVED.


RELATIVE HUMIDITY (PERCENT)
 HIGHEST    96          1100 PM
 LOWEST     60          1000 AM
 AVERAGE    78

..........................................................


THE SANTA MARIA AIRPORT CA CLIMATE NORMALS FOR TODAY
                         NORMAL    RECORD    YEAR
 MAXIMUM TEMPERATURE (F)   69        93      1973
 MINIMUM TEMPERATURE (F)   49        36      1918


SUNRISE AND SUNSET
MAY 27 2018...........SUNRISE   551 AM PDT   SUNSET   807 PM PDT
MAY 28 2018...........SUNRISE   551 AM PDT   SUNSET   808 PM PDT


-  INDICATES NEGATIVE NUMBERS.
R  INDICATES RECORD WAS SET OR TIED.
MM INDICATES DATA IS MISSING.
T  INDICATES TRACE AMOUNT.




$$
