000
CDUS46 KMTR 270837
CLISNS


CLIMATE REPORT
NATIONAL WEATHER SERVICE SAN FRANCISCO BAY AREA
137 AM PDT SUN MAY 27 2018


...................................

...THE SALINAS AIRPORT CLIMATE SUMMARY FOR MAY 26 2018...

CLIMATE NORMAL PERIOD 1981 TO 2010
CLIMATE RECORD PERIOD 1930 TO 2018


WEATHER ITEM   OBSERVED TIME   RECORD YEAR NORMAL DEPARTURE LAST
                VALUE   (LST)  VALUE       VALUE  FROM      YEAR
                                                  NORMAL
..................................................................
TEMPERATURE (F)
 YESTERDAY
  MAXIMUM         61   1250 PM  94    1974  69     -8       67
  MINIMUM         54   1159 PM  43    1953  52      2       54
  AVERAGE         58                        60     -2       61

PRECIPITATION (IN)
  YESTERDAY        0.02          0.09 1946   0.01   0.01      T
  MONTH TO DATE    0.02                      0.31  -0.29      T
  SINCE OCT 1      7.15                     12.50  -5.35    16.36
  SINCE JAN 1      6.37                      8.59  -2.22    12.36

DEGREE DAYS
 HEATING
  YESTERDAY        7                         5      2        4
  MONTH TO DATE  144                       158    -14      125
  SINCE MAR 1    685                       733    -48      552
  SINCE JUL 1   2073                      2547   -474     2314

 COOLING
  YESTERDAY        0                         0      0        0
  MONTH TO DATE    0                         0      0       14
  SINCE MAR 1      6                         7     -1       18
  SINCE JAN 1      6                         7     -1       18
..................................................................


WIND (MPH)
  RESULTANT WIND SPEED  11   RESULTANT WIND DIRECTION   W (280)
  HIGHEST WIND SPEED    17   HIGHEST WIND DIRECTION     W (280)
  HIGHEST GUST SPEED    22   HIGHEST GUST DIRECTION     W (290)
  AVERAGE WIND SPEED    10.4


SKY COVER
  POSSIBLE SUNSHINE  MM
  AVERAGE SKY COVER 0.8


WEATHER CONDITIONS
 THE FOLLOWING WEATHER WAS RECORDED YESTERDAY.
  RAIN
  LIGHT RAIN
  FOG


RELATIVE HUMIDITY (PERCENT)
 HIGHEST    93           300 AM
 LOWEST     64           100 PM
 AVERAGE    79

..........................................................


THE SALINAS AIRPORT CLIMATE NORMALS FOR TODAY
                         NORMAL    RECORD    YEAR
 MAXIMUM TEMPERATURE (F)   69        99      1984
 MINIMUM TEMPERATURE (F)   52        40      1933


SUNRISE AND SUNSET
MAY 27 2018...........SUNRISE   551 AM PDT   SUNSET   816 PM PDT
MAY 28 2018...........SUNRISE   551 AM PDT   SUNSET   817 PM PDT


-  INDICATES NEGATIVE NUMBERS.
R  INDICATES RECORD WAS SET OR TIED.
MM INDICATES DATA IS MISSING.
T  INDICATES TRACE AMOUNT.




$$
