000
CDUS43 KILX 190640
CLISPI


CLIMATE REPORT
NATIONAL WEATHER SERVICE LINCOLN IL
138 AM CDT THU APR 19 2018


...................................

...THE SPRINGFIELD IL CLIMATE SUMMARY FOR APRIL 18 2018...

CLIMATE NORMAL PERIOD 1981 TO 2010
CLIMATE RECORD PERIOD 1879 TO 2018


WEATHER ITEM   OBSERVED TIME   RECORD YEAR NORMAL DEPARTURE LAST
                VALUE   (LST)  VALUE       VALUE  FROM      YEAR
                                                  NORMAL
..................................................................
TEMPERATURE (F)
 YESTERDAY
  MAXIMUM         56   1140 AM  87    2004  66    -10       78
                                      2002
  MINIMUM         36   1159 PM  27    1983  43     -7       49
  AVERAGE         46                        54     -8       64

PRECIPITATION (IN)
  YESTERDAY        T             3.22 1969   0.12  -0.12     0.00
  MONTH TO DATE    2.05                      1.98   0.07     2.61
  SINCE MAR 1      6.41                      4.61   1.80     6.87
  SINCE JAN 1     11.13                      8.24   2.89     8.34

SNOWFALL (IN)
  YESTERDAY        T             2.0  1887   0.0    0.0      0.0
  MONTH TO DATE    4.8                       0.3    4.5      0.0
  SINCE MAR 1      4.8                       2.8    2.0      4.6
  SINCE JUL 1     11.8                      20.9   -9.1     10.3
  SNOW DEPTH       0

DEGREE DAYS
 HEATING
  YESTERDAY       19                        11      8        1
  MONTH TO DATE  408                       255    153      127
  SINCE MAR 1   1158                       966    192      724
  SINCE JUL 1   5136                      5237   -101     3979

 COOLING
  YESTERDAY        0                         1     -1        0
  MONTH TO DATE   10                         7      3       23
  SINCE MAR 1     10                         9      1       23
  SINCE JAN 1     10                         9      1       23
..................................................................


WIND (MPH)
  HIGHEST WIND SPEED    31   HIGHEST WIND DIRECTION     W (280)
  HIGHEST GUST SPEED    40   HIGHEST GUST DIRECTION    NW (300)
  AVERAGE WIND SPEED    18.0


SKY COVER
  POSSIBLE SUNSHINE  MM
  AVERAGE SKY COVER 0.7


WEATHER CONDITIONS
 THE FOLLOWING WEATHER WAS RECORDED YESTERDAY.
  LIGHT RAIN
  LIGHT SNOW


RELATIVE HUMIDITY (PERCENT)
 HIGHEST    76          1200 AM
 LOWEST     56           200 PM
 AVERAGE    66

..........................................................


THE SPRINGFIELD IL CLIMATE NORMALS FOR TODAY
                         NORMAL    RECORD    YEAR
 MAXIMUM TEMPERATURE (F)   66        87      1938
 MINIMUM TEMPERATURE (F)   44        24      1983


SUNRISE AND SUNSET
APRIL 19 2018.........SUNRISE   615 AM CDT   SUNSET   741 PM CDT
APRIL 20 2018.........SUNRISE   614 AM CDT   SUNSET   742 PM CDT


-  INDICATES NEGATIVE NUMBERS.
R  INDICATES RECORD WAS SET OR TIED.
MM INDICATES DATA IS MISSING.
T  INDICATES TRACE AMOUNT.




$$
