000
CDUS42 KTBW 190832
CLISRQ


CLIMATE REPORT
NATIONAL WEATHER SERVICE TAMPA BAY FL
430 AM EDT THU APR 19 2018


...................................

...THE SARASOTA BRADENTON CLIMATE SUMMARY FOR APRIL 18 2018...

CLIMATE NORMAL PERIOD 1981 TO 2010
CLIMATE RECORD PERIOD 1911 TO 2018


WEATHER ITEM   OBSERVED TIME   RECORD YEAR NORMAL DEPARTURE LAST
                VALUE   (LST)  VALUE       VALUE  FROM      YEAR
                                                  NORMAL
..................................................................
TEMPERATURE (F)
 YESTERDAY
  MAXIMUM         80    358 PM  89    1994  81     -1       85
  MINIMUM         52    607 AM  48    1983  62    -10       67
                                      1929
  AVERAGE         66                        72     -6       76

PRECIPITATION (IN)
  YESTERDAY        0.00          0.93 1989   0.08  -0.08      T
  MONTH TO DATE    2.13                      1.54   0.59      T
  SINCE MAR 1      4.43                      5.40  -0.97     0.74
  SINCE JAN 1      7.52                     10.59  -3.07     3.23

DEGREE DAYS
 HEATING
  YESTERDAY        0                         0      0        0
  MONTH TO DATE    0                         8     -8        1
  SINCE MAR 1     90                        57     33       54
  SINCE JUL 1    389                       475    -86      202

 COOLING
  YESTERDAY        1                         7     -6       11
  MONTH TO DATE  129                       102     27      157
  SINCE MAR 1    213                       202     11      274
  SINCE JAN 1    453                       306    147      448
..................................................................


WIND (MPH)
  HIGHEST WIND SPEED    14   HIGHEST WIND DIRECTION    NW (300)
  HIGHEST GUST SPEED    17   HIGHEST GUST DIRECTION     W (290)
  AVERAGE WIND SPEED     4.9


SKY COVER
  POSSIBLE SUNSHINE  MM
  AVERAGE SKY COVER 0.0


WEATHER CONDITIONS
 THE FOLLOWING WEATHER WAS RECORDED YESTERDAY.
  NO SIGNIFICANT WEATHER WAS OBSERVED.


RELATIVE HUMIDITY (PERCENT)
 HIGHEST   100           500 AM
 LOWEST     35          1100 AM

..........................................................


THE SARASOTA BRADENTON CLIMATE NORMALS FOR TODAY
                         NORMAL    RECORD    YEAR
 MAXIMUM TEMPERATURE (F)   81        93      1927
 MINIMUM TEMPERATURE (F)   62        38      1923


SUNRISE AND SUNSET
APRIL 19 2018.........SUNRISE   702 AM EDT   SUNSET   757 PM EDT
APRIL 20 2018.........SUNRISE   701 AM EDT   SUNSET   758 PM EDT


-  INDICATES NEGATIVE NUMBERS.
R  INDICATES RECORD WAS SET OR TIED.
MM INDICATES DATA IS MISSING.
T  INDICATES TRACE AMOUNT.




$$


&&
------------------------------------------------------------------
******************** SUPPLEMENTAL DATA ***************************

...GULF WATER TEMPERATURE AT VENICE 74 DEGREES
