000
CDUS43 KMPX 280054
CLISTC


CLIMATE REPORT
NATIONAL WEATHER SERVICE CHANHASSEN MN
753 PM CDT SUN MAY 27 2018


...................................

...THE ST CLOUD MN CLIMATE SUMMARY FOR MAY 27 2018...
VALID TODAY AS OF 0500 PM LOCAL TIME.

CLIMATE NORMAL PERIOD 1981 TO 2010
CLIMATE RECORD PERIOD 1893 TO 2018


WEATHER ITEM   OBSERVED TIME   RECORD YEAR NORMAL DEPARTURE LAST
                VALUE   (LST)  VALUE       VALUE  FROM      YEAR
                                                  NORMAL
..................................................................
TEMPERATURE (F)
 TODAY
  MAXIMUM         91    324 PM  97    1969  72     19       73
  MINIMUM         56    417 AM  28    1907  48      8       45
  AVERAGE         74                        60     14       59

PRECIPITATION (IN)
  TODAY            T             1.86 1963   0.10  -0.10     0.00
  MONTH TO DATE    0.41                      2.54  -2.13     4.32
  SINCE MAR 1      3.81                      6.66  -2.85     8.26
  SINCE JAN 1      5.39                      7.90  -2.51     9.58

SNOWFALL (IN)
  TODAY            0.0           T    1965   0.0    0.0      0.0
  MONTH TO DATE    0.0                       0.0    0.0      1.0
  SINCE MAR 1     30.2                      11.5   18.7      3.0
  SINCE JUL 1     62.7                      45.7   17.0     31.9
  SNOW DEPTH       0

DEGREE DAYS
 HEATING
  TODAY            0                         6     -6        6
  MONTH TO DATE  148                       264   -116      275
  SINCE MAR 1   2210                      1985    225     1898
  SINCE JUL 1   8665                      8431    234     7254

 COOLING
  TODAY            9                         1      8        0
  MONTH TO DATE   58                        19     39        3
  SINCE MAR 1     58                        21     37        3
  SINCE JAN 1     58                        21     37        3
..................................................................


WIND (MPH)
  HIGHEST WIND SPEED    30   HIGHEST WIND DIRECTION    NW (310)
  HIGHEST GUST SPEED    38   HIGHEST GUST DIRECTION    NW (300)
  AVERAGE WIND SPEED     6.3


SKY COVER
  POSSIBLE SUNSHINE  MM
  AVERAGE SKY COVER 0.1


WEATHER CONDITIONS
 THE FOLLOWING WEATHER WAS RECORDED TODAY.
  THUNDERSTORM


RELATIVE HUMIDITY (PERCENT)
 HIGHEST    93           300 AM
 LOWEST     29           300 PM
 AVERAGE    61

..........................................................


THE ST CLOUD MN CLIMATE NORMALS FOR TOMORROW
                         NORMAL    RECORD    YEAR
 MAXIMUM TEMPERATURE (F)   72       100      1934
 MINIMUM TEMPERATURE (F)   48        31      1906


SUNRISE AND SUNSET
MAY 27 2018...........SUNRISE   534 AM CDT   SUNSET   853 PM CDT
MAY 28 2018...........SUNRISE   533 AM CDT   SUNSET   854 PM CDT


-  INDICATES NEGATIVE NUMBERS.
R  INDICATES RECORD WAS SET OR TIED.
MM INDICATES DATA IS MISSING.
T  INDICATES TRACE AMOUNT.




$$
