000
CDUS43 KEAX 270633
CLISTJ


CLIMATE REPORT
NATIONAL WEATHER SERVICE KANSAS CITY/PLEASANT HILL MO
132 AM CDT SUN MAY 27 2018


...................................

...THE ST. JOSEPH MO CLIMATE SUMMARY FOR MAY 26 2018...

CLIMATE NORMAL PERIOD 1981 TO 2010
CLIMATE RECORD PERIOD 1892 TO 2018


WEATHER ITEM   OBSERVED TIME   RECORD YEAR NORMAL DEPARTURE LAST
                VALUE   (LST)  VALUE       VALUE  FROM      YEAR
                                                  NORMAL
..................................................................
TEMPERATURE (F)
 YESTERDAY
  MAXIMUM        102R   206 PM  94    1967  79     23       86
  MINIMUM         68    512 AM  43    1925  57     11       59
  AVERAGE         85                        68     17       73

PRECIPITATION (IN)
  YESTERDAY        0.00          2.60 2016   0.16  -0.16      T
  MONTH TO DATE    1.69                      4.59  -2.90     3.45
  SINCE MAR 1      2.60                     10.63  -8.03    10.66
  SINCE JAN 1      4.06                     12.12  -8.06    11.68

DEGREE DAYS
 HEATING
  YESTERDAY        0                         2     -2        0
  MONTH TO DATE    0                       107   -107      116
  SINCE MAR 1   1272                      1137    135      963
  SINCE JUL 1   5143                      5445   -302     4260

 COOLING
  YESTERDAY       20                         5     15        8
  MONTH TO DATE  208                        65    143       84
  SINCE MAR 1    215                        86    129      102
  SINCE JAN 1    215                        86    129      102
..................................................................


WIND (MPH)
  HIGHEST WIND SPEED    18   HIGHEST WIND DIRECTION    SW (210)
  HIGHEST GUST SPEED    25   HIGHEST GUST DIRECTION    SW (220)
  AVERAGE WIND SPEED     7.6


SKY COVER
  POSSIBLE SUNSHINE  MM
  AVERAGE SKY COVER 0.0


WEATHER CONDITIONS
 THE FOLLOWING WEATHER WAS RECORDED YESTERDAY.
  THUNDERSTORM


RELATIVE HUMIDITY (PERCENT)
 HIGHEST    93           400 AM
 LOWEST     31           200 PM
 AVERAGE    62

..........................................................


THE ST. JOSEPH MO CLIMATE NORMALS FOR TODAY
                         NORMAL    RECORD    YEAR
 MAXIMUM TEMPERATURE (F)   79        93      2006
                                             1966
 MINIMUM TEMPERATURE (F)   58        42      1968


SUNRISE AND SUNSET
MAY 27 2018...........SUNRISE   556 AM CDT   SUNSET   838 PM CDT
MAY 28 2018...........SUNRISE   556 AM CDT   SUNSET   839 PM CDT


-  INDICATES NEGATIVE NUMBERS.
R  INDICATES RECORD WAS SET OR TIED.
MM INDICATES DATA IS MISSING.
T  INDICATES TRACE AMOUNT.




$$
